182.6.43.8 - - [14/Sep/2026:20:23:55 -0500] "GET /image/cache/catalog/Logos/paint-24x24.png HTTP/2.0" 200 792 "https://www.chem-on.com.sg/home-personal-care/face-toner-formulation" "Mozilla/5.0 (Linux; Android 10; K) AppleWebKit/537.36 (KHTML, like Gecko) Chrome/151.0.0.0 Mobile Safari/537.36" www.chem-on.com.sg 10.37.102.197
182.6.43.8 - - [14/Sep/2026:20:23:55 -0500] "GET /image/cache/catalog/Logos/protein-icon-24x24.png HTTP/2.0" 200 953 "https://www.chem-on.com.sg/home-personal-care/face-toner-formulation" "Mozilla/5.0 (Linux; Android 10; K) AppleWebKit/537.36 (KHTML, like Gecko) Chrome/151.0.0.0 Mobile Safari/537.36" www.chem-on.com.sg 10.37.102.197
182.6.43.8 - - [14/Sep/2026:20:23:55 -0500] "GET /image/cache/catalog/Logos/life-preserver-24x24.png HTTP/2.0" 200 1087 "https://www.chem-on.com.sg/home-personal-care/face-toner-formulation" "Mozilla/5.0 (Linux; Android 10; K) AppleWebKit/537.36 (KHTML, like Gecko) Chrome/151.0.0.0 Mobile Safari/537.36" www.chem-on.com.sg 10.37.102.197
182.6.43.8 - - [14/Sep/2026:20:23:55 -0500] "GET /image/cache/catalog/Logos/consumer%201-24x24.png HTTP/2.0" 200 905 "https://www.chem-on.com.sg/home-personal-care/face-toner-formulation" "Mozilla/5.0 (Linux; Android 10; K) AppleWebKit/537.36 (KHTML, like Gecko) Chrome/151.0.0.0 Mobile Safari/537.36" www.chem-on.com.sg 10.37.102.197
182.6.43.8 - - [14/Sep/2026:20:23:55 -0500] "GET /image/cache/catalog/mahachem/home/coating-24x24.png HTTP/2.0" 200 929 "https://www.chem-on.com.sg/home-personal-care/face-toner-formulation" "Mozilla/5.0 (Linux; Android 10; K) AppleWebKit/537.36 (KHTML, like Gecko) Chrome/151.0.0.0 Mobile Safari/537.36" www.chem-on.com.sg 10.37.102.197
182.6.43.8 - - [14/Sep/2026:20:23:55 -0500] "GET /image/cache/catalog/Logos/brickwall-24x24.png HTTP/2.0" 200 825 "https://www.chem-on.com.sg/home-personal-care/face-toner-formulation" "Mozilla/5.0 (Linux; Android 10; K) AppleWebKit/537.36 (KHTML, like Gecko) Chrome/151.0.0.0 Mobile Safari/537.36" www.chem-on.com.sg 10.37.102.197
182.6.43.8 - - [14/Sep/2026:20:23:55 -0500] "GET /image/cache/catalog/Logos/ink%20orange-24x24.png HTTP/2.0" 200 829 "https://www.chem-on.com.sg/home-personal-care/face-toner-formulation" "Mozilla/5.0 (Linux; Android 10; K) AppleWebKit/537.36 (KHTML, like Gecko) Chrome/151.0.0.0 Mobile Safari/537.36" www.chem-on.com.sg 10.37.102.197
182.6.43.8 - - [14/Sep/2026:20:23:55 -0500] "GET /image/catalog/itemmenu/icon-expand.png HTTP/2.0" 200 310 "https://www.chem-on.com.sg/home-personal-care/face-toner-formulation" "Mozilla/5.0 (Linux; Android 10; K) AppleWebKit/537.36 (KHTML, like Gecko) Chrome/151.0.0.0 Mobile Safari/537.36" www.chem-on.com.sg 10.37.102.197
182.6.43.8 - - [14/Sep/2026:20:23:55 -0500] "GET /image/catalog/itemmenu/icon-collapse.png HTTP/2.0" 200 303 "https://www.chem-on.com.sg/home-personal-care/face-toner-formulation" "Mozilla/5.0 (Linux; Android 10; K) AppleWebKit/537.36 (KHTML, like Gecko) Chrome/151.0.0.0 Mobile Safari/537.36" www.chem-on.com.sg 10.37.102.197
182.6.43.8 - - [14/Sep/2026:20:23:55 -0500] "GET /image/catalog/mahachem/general/search-black.png HTTP/2.0" 200 388 "https://www.chem-on.com.sg/home-personal-care/face-toner-formulation" "Mozilla/5.0 (Linux; Android 10; K) AppleWebKit/537.36 (KHTML, like Gecko) Chrome/151.0.0.0 Mobile Safari/537.36" www.chem-on.com.sg 10.37.102.197
182.6.43.8 - - [14/Sep/2026:20:23:55 -0500] "GET /image/catalog/mahachem/general/search.png HTTP/2.0" 200 381 "https://www.chem-on.com.sg/home-personal-care/face-toner-formulation" "Mozilla/5.0 (Linux; Android 10; K) AppleWebKit/537.36 (KHTML, like Gecko) Chrome/151.0.0.0 Mobile Safari/537.36" www.chem-on.com.sg 10.37.102.197
182.6.43.8 - - [14/Sep/2026:20:23:55 -0500] "GET /image/catalog/mahachem/home/arrow-left.png HTTP/2.0" 200 307 "https://www.chem-on.com.sg/home-personal-care/face-toner-formulation" "Mozilla/5.0 (Linux; Android 10; K) AppleWebKit/537.36 (KHTML, like Gecko) Chrome/151.0.0.0 Mobile Safari/537.36" www.chem-on.com.sg 10.37.102.197
182.6.43.8 - - [14/Sep/2026:20:23:55 -0500] "GET /image/catalog/mahachem/home/arrow-right.png HTTP/2.0" 200 311 "https://www.chem-on.com.sg/home-personal-care/face-toner-formulation" "Mozilla/5.0 (Linux; Android 10; K) AppleWebKit/537.36 (KHTML, like Gecko) Chrome/151.0.0.0 Mobile Safari/537.36" www.chem-on.com.sg 10.37.102.197
182.6.43.8 - - [14/Sep/2026:20:23:56 -0500] "GET /catalog/view/theme/default/stylesheet/fonts/Poppins-Regular.ttf HTTP/2.0" 200 256920 "https://www.chem-on.com.sg/catalog/view/theme/default/stylesheet/fonts/fonts.css" "Mozilla/5.0 (Linux; Android 10; K) AppleWebKit/537.36 (KHTML, like Gecko) Chrome/151.0.0.0 Mobile Safari/537.36" www.chem-on.com.sg 10.37.102.197
182.6.43.8 - - [14/Sep/2026:20:23:56 -0500] "GET /catalog/view/javascript/font-awesome-4.7.0/fonts/fontawesome-webfont.woff2?v=4.7.0 HTTP/2.0" 200 77160 "https://www.chem-on.com.sg/catalog/view/javascript/font-awesome-4.7.0/css/font-awesome.min.css" "Mozilla/5.0 (Linux; Android 10; K) AppleWebKit/537.36 (KHTML, like Gecko) Chrome/151.0.0.0 Mobile Safari/537.36" www.chem-on.com.sg 10.37.102.197
182.6.43.8 - - [14/Sep/2026:20:23:56 -0500] "GET /catalog/view/javascript/linearicons/fonts/Linearicons-Free.woff2?w118d HTTP/2.0" 200 21780 "https://www.chem-on.com.sg/catalog/view/javascript/linearicons/css/icon-font.min.css" "Mozilla/5.0 (Linux; Android 10; K) AppleWebKit/537.36 (KHTML, like Gecko) Chrome/151.0.0.0 Mobile Safari/537.36" www.chem-on.com.sg 10.37.102.197
182.6.43.8 - - [14/Sep/2026:20:23:56 -0500] "GET /image/catalog/mahachem/general/favicon.png HTTP/2.0" 200 487 "https://www.chem-on.com.sg/home-personal-care/face-toner-formulation" "Mozilla/5.0 (Linux; Android 10; K) AppleWebKit/537.36 (KHTML, like Gecko) Chrome/151.0.0.0 Mobile Safari/537.36" www.chem-on.com.sg 10.37.102.197
85.208.98.60 - - [14/Sep/2026:20:24:05 -0500] "GET /dual-beam-spectrophotometer-cpat HTTP/1.1" 406 226 "-" "Mozilla/5.0 (compatible; SemrushBot-BA; +http://www.semrush.com/bot.html)" chem-on.com.sg 10.37.102.197
161.153.113.113 - - [14/Sep/2026:20:24:04 -0500] "GET /3d-printing-solutions/3d-printing-solutions/3d-printing-solutions/3d-printing-solutions/3d-printing-solutions/3d-printing-solutions/creality-ender-3-v2-3d-printer HTTP/2.0" 200 32838 "-" "Mozilla/5.0 (X11; Linux x86_64) AppleWebKit/537.36 (KHTML, like Gecko) Chrome/126.0.0.0 Safari/537.36 (compatible; AionBot/1.0)" www.chem-on.com.sg 10.37.102.197
85.208.98.55 - - [14/Sep/2026:20:24:11 -0500] "GET /lab-and-analytical/laboratory-equipment/colorflex-ez HTTP/1.1" 406 226 "-" "Mozilla/5.0 (compatible; SemrushBot-BA; +http://www.semrush.com/bot.html)" www.chem-on.com.sg 10.37.102.197
45.129.223.1 - - [14/Sep/2026:20:24:05 -0500] "GET /Dry-film-Preservative-TROYSAN-S89-PASTE HTTP/1.1" 200 33040 "-" "Mozilla/5.0 (compatible; ExaSearchBot/1.0; +https://crawler.exa.ai/)" www.chem-on.com.sg 10.37.102.197
65.111.4.98 - - [14/Sep/2026:20:23:54 -0500] "GET /image/catalog/product/IS/FS421M/FS421M01.jpg HTTP/1.1" 200 41419 "-" "MathPicDatasetCrawler/0.1 (+research)" www.chem-on.com.sg 10.37.102.197
36.25.250.37 - - [14/Sep/2026:20:24:46 -0500] "GET /tumaker-dual-fdm-3d-printer HTTP/2.0" 200 30129 "-" "Mozilla/5.0 (Macintosh; Intel Mac OS X 10_12_6) AppleWebKit/537.36 (KHTML, like Gecko) Chrome/134.1.0 Safari/537.36 Edg/134.1.0" www.chem-on.com.sg 10.37.102.197
38.25.219.47 - - [14/Sep/2026:20:24:50 -0500] "GET /tumaker-dual-fdm-3d-printer HTTP/2.0" 200 30122 "-" "Mozilla/5.0 (Windows NT 10.0; Win64; x64) AppleWebKit/537.36 (KHTML, like Gecko) Chrome/148.0.0.0 Safari/537.36" www.chem-on.com.sg 10.37.102.197
38.25.219.47 - - [14/Sep/2026:20:24:51 -0500] "GET /catalog/view/javascript/font-awesome-4.7.0/css/font-awesome.min.css HTTP/2.0" 200 7114 "https://www.chem-on.com.sg/tumaker-dual-fdm-3d-printer" "Mozilla/5.0 (Windows NT 10.0; Win64; x64) AppleWebKit/537.36 (KHTML, like Gecko) Chrome/148.0.0.0 Safari/537.36" www.chem-on.com.sg 10.37.102.197
38.25.219.47 - - [14/Sep/2026:20:24:51 -0500] "GET /catalog/view/theme/default/stylesheet/normalize.min.css HTTP/2.0" 200 772 "https://www.chem-on.com.sg/tumaker-dual-fdm-3d-printer" "Mozilla/5.0 (Windows NT 10.0; Win64; x64) AppleWebKit/537.36 (KHTML, like Gecko) Chrome/148.0.0.0 Safari/537.36" www.chem-on.com.sg 10.37.102.197
38.25.219.47 - - [14/Sep/2026:20:24:51 -0500] "GET /catalog/view/javascript/smartmenus/sm-blue.min.css HTTP/2.0" 200 1983 "https://www.chem-on.com.sg/tumaker-dual-fdm-3d-printer" "Mozilla/5.0 (Windows NT 10.0; Win64; x64) AppleWebKit/537.36 (KHTML, like Gecko) Chrome/148.0.0.0 Safari/537.36" www.chem-on.com.sg 10.37.102.197
38.25.219.47 - - [14/Sep/2026:20:24:51 -0500] "GET /catalog/view/javascript/menu.css HTTP/2.0" 200 2522 "https://www.chem-on.com.sg/tumaker-dual-fdm-3d-printer" "Mozilla/5.0 (Windows NT 10.0; Win64; x64) AppleWebKit/537.36 (KHTML, like Gecko) Chrome/148.0.0.0 Safari/537.36" www.chem-on.com.sg 10.37.102.197
38.25.219.47 - - [14/Sep/2026:20:24:51 -0500] "GET /catalog/view/javascript/slick/slick.min.css HTTP/2.0" 200 497 "https://www.chem-on.com.sg/tumaker-dual-fdm-3d-printer" "Mozilla/5.0 (Windows NT 10.0; Win64; x64) AppleWebKit/537.36 (KHTML, like Gecko) Chrome/148.0.0.0 Safari/537.36" www.chem-on.com.sg 10.37.102.197
38.25.219.47 - - [14/Sep/2026:20:24:51 -0500] "GET /catalog/view/javascript/jquery/datetimepicker/bootstrap-datetimepicker.min.css HTTP/2.0" 200 1255 "https://www.chem-on.com.sg/tumaker-dual-fdm-3d-printer" "Mozilla/5.0 (Windows NT 10.0; Win64; x64) AppleWebKit/537.36 (KHTML, like Gecko) Chrome/148.0.0.0 Safari/537.36" www.chem-on.com.sg 10.37.102.197
38.25.219.47 - - [14/Sep/2026:20:24:51 -0500] "GET /catalog/view/theme/default/stylesheet/sass/helper.min.css HTTP/2.0" 200 2075 "https://www.chem-on.com.sg/tumaker-dual-fdm-3d-printer" "Mozilla/5.0 (Windows NT 10.0; Win64; x64) AppleWebKit/537.36 (KHTML, like Gecko) Chrome/148.0.0.0 Safari/537.36" www.chem-on.com.sg 10.37.102.197
38.25.219.47 - - [14/Sep/2026:20:24:51 -0500] "GET /catalog/view/javascript/jquery/magnific/magnific-popup.css HTTP/2.0" 200 2357 "https://www.chem-on.com.sg/tumaker-dual-fdm-3d-printer" "Mozilla/5.0 (Windows NT 10.0; Win64; x64) AppleWebKit/537.36 (KHTML, like Gecko) Chrome/148.0.0.0 Safari/537.36" www.chem-on.com.sg 10.37.102.197
38.25.219.47 - - [14/Sep/2026:20:24:51 -0500] "GET /catalog/view/theme/default/stylesheet/fonts/fonts.css HTTP/2.0" 200 142 "https://www.chem-on.com.sg/tumaker-dual-fdm-3d-printer" "Mozilla/5.0 (Windows NT 10.0; Win64; x64) AppleWebKit/537.36 (KHTML, like Gecko) Chrome/148.0.0.0 Safari/537.36" www.chem-on.com.sg 10.37.102.197
38.25.219.47 - - [14/Sep/2026:20:24:51 -0500] "GET /catalog/view/javascript/aos/aos.css HTTP/2.0" 200 2191 "https://www.chem-on.com.sg/tumaker-dual-fdm-3d-printer" "Mozilla/5.0 (Windows NT 10.0; Win64; x64) AppleWebKit/537.36 (KHTML, like Gecko) Chrome/148.0.0.0 Safari/537.36" www.chem-on.com.sg 10.37.102.197
38.25.219.47 - - [14/Sep/2026:20:24:51 -0500] "GET /catalog/view/theme/default/stylesheet/stylesheet.css HTTP/2.0" 200 12970 "https://www.chem-on.com.sg/tumaker-dual-fdm-3d-printer" "Mozilla/5.0 (Windows NT 10.0; Win64; x64) AppleWebKit/537.36 (KHTML, like Gecko) Chrome/148.0.0.0 Safari/537.36" www.chem-on.com.sg 10.37.102.197
38.25.219.47 - - [14/Sep/2026:20:24:51 -0500] "GET /catalog/view/javascript/slick/slick.css HTTP/2.0" 200 575 "https://www.chem-on.com.sg/tumaker-dual-fdm-3d-printer" "Mozilla/5.0 (Windows NT 10.0; Win64; x64) AppleWebKit/537.36 (KHTML, like Gecko) Chrome/148.0.0.0 Safari/537.36" www.chem-on.com.sg 10.37.102.197
38.25.219.47 - - [14/Sep/2026:20:24:51 -0500] "GET /catalog/view/javascript/linearicons/css/icon-font.min.css HTTP/2.0" 200 1630 "https://www.chem-on.com.sg/tumaker-dual-fdm-3d-printer" "Mozilla/5.0 (Windows NT 10.0; Win64; x64) AppleWebKit/537.36 (KHTML, like Gecko) Chrome/148.0.0.0 Safari/537.36" www.chem-on.com.sg 10.37.102.197
38.25.219.47 - - [14/Sep/2026:20:24:51 -0500] "GET /catalog/view/javascript/jquery-multi-level-accordion-menu/css/style.min.css HTTP/2.0" 200 519 "https://www.chem-on.com.sg/tumaker-dual-fdm-3d-printer" "Mozilla/5.0 (Windows NT 10.0; Win64; x64) AppleWebKit/537.36 (KHTML, like Gecko) Chrome/148.0.0.0 Safari/537.36" www.chem-on.com.sg 10.37.102.197
38.25.219.47 - - [14/Sep/2026:20:24:51 -0500] "GET /catalog/view/javascript/sweetalert2.min.css HTTP/2.0" 200 5704 "https://www.chem-on.com.sg/tumaker-dual-fdm-3d-printer" "Mozilla/5.0 (Windows NT 10.0; Win64; x64) AppleWebKit/537.36 (KHTML, like Gecko) Chrome/148.0.0.0 Safari/537.36" www.chem-on.com.sg 10.37.102.197
38.25.219.47 - - [14/Sep/2026:20:24:51 -0500] "GET /catalog/view/javascript/menu.js HTTP/2.0" 200 1668 "https://www.chem-on.com.sg/tumaker-dual-fdm-3d-printer" "Mozilla/5.0 (Windows NT 10.0; Win64; x64) AppleWebKit/537.36 (KHTML, like Gecko) Chrome/148.0.0.0 Safari/537.36" www.chem-on.com.sg 10.37.102.197
38.25.219.47 - - [14/Sep/2026:20:24:51 -0500] "GET /catalog/view/theme/default/stylesheet/sidr_bare_sm_core_css_sass_icon.css HTTP/2.0" 200 513 "https://www.chem-on.com.sg/tumaker-dual-fdm-3d-printer" "Mozilla/5.0 (Windows NT 10.0; Win64; x64) AppleWebKit/537.36 (KHTML, like Gecko) Chrome/148.0.0.0 Safari/537.36" www.chem-on.com.sg 10.37.102.197
38.25.219.47 - - [14/Sep/2026:20:24:51 -0500] "GET /catalog/view/javascript/jquery/magnific/jquery.magnific-popup.min.js HTTP/2.0" 200 9429 "https://www.chem-on.com.sg/tumaker-dual-fdm-3d-printer" "Mozilla/5.0 (Windows NT 10.0; Win64; x64) AppleWebKit/537.36 (KHTML, like Gecko) Chrome/148.0.0.0 Safari/537.36" www.chem-on.com.sg 10.37.102.197
38.25.219.47 - - [14/Sep/2026:20:24:51 -0500] "GET /catalog/view/theme/default/stylesheet/animate.min.css HTTP/2.0" 200 5701 "https://www.chem-on.com.sg/tumaker-dual-fdm-3d-printer" "Mozilla/5.0 (Windows NT 10.0; Win64; x64) AppleWebKit/537.36 (KHTML, like Gecko) Chrome/148.0.0.0 Safari/537.36" www.chem-on.com.sg 10.37.102.197
38.25.219.47 - - [14/Sep/2026:20:24:51 -0500] "GET /catalog/view/theme/default/stylesheet/mahachem.css HTTP/2.0" 200 20291 "https://www.chem-on.com.sg/tumaker-dual-fdm-3d-printer" "Mozilla/5.0 (Windows NT 10.0; Win64; x64) AppleWebKit/537.36 (KHTML, like Gecko) Chrome/148.0.0.0 Safari/537.36" www.chem-on.com.sg 10.37.102.197
38.25.219.47 - - [14/Sep/2026:20:24:51 -0500] "GET /catalog/view/javascript/slick/slick-custom.min.js HTTP/2.0" 200 14412 "https://www.chem-on.com.sg/tumaker-dual-fdm-3d-printer" "Mozilla/5.0 (Windows NT 10.0; Win64; x64) AppleWebKit/537.36 (KHTML, like Gecko) Chrome/148.0.0.0 Safari/537.36" www.chem-on.com.sg 10.37.102.197
38.25.219.47 - - [14/Sep/2026:20:24:51 -0500] "GET /catalog/view/theme/default/stylesheet/sass/custom.min.css HTTP/2.0" 200 15388 "https://www.chem-on.com.sg/tumaker-dual-fdm-3d-printer" "Mozilla/5.0 (Windows NT 10.0; Win64; x64) AppleWebKit/537.36 (KHTML, like Gecko) Chrome/148.0.0.0 Safari/537.36" www.chem-on.com.sg 10.37.102.197
38.25.219.47 - - [14/Sep/2026:20:24:51 -0500] "GET /catalog/view/javascript/jquery-ui-1.12.1.custom/jquery-ui.min.js HTTP/2.0" 200 28800 "https://www.chem-on.com.sg/tumaker-dual-fdm-3d-printer" "Mozilla/5.0 (Windows NT 10.0; Win64; x64) AppleWebKit/537.36 (KHTML, like Gecko) Chrome/148.0.0.0 Safari/537.36" www.chem-on.com.sg 10.37.102.197
38.25.219.47 - - [14/Sep/2026:20:24:51 -0500] "GET /catalog/view/javascript/jquery.ui.touch-punch.min.js HTTP/2.0" 200 597 "https://www.chem-on.com.sg/tumaker-dual-fdm-3d-printer" "Mozilla/5.0 (Windows NT 10.0; Win64; x64) AppleWebKit/537.36 (KHTML, like Gecko) Chrome/148.0.0.0 Safari/537.36" www.chem-on.com.sg 10.37.102.197
38.25.219.47 - - [14/Sep/2026:20:24:51 -0500] "GET /catalog/view/javascript/jquery/datetimepicker/bootstrap-datetimepicker.min.js HTTP/2.0" 200 7797 "https://www.chem-on.com.sg/tumaker-dual-fdm-3d-printer" "Mozilla/5.0 (Windows NT 10.0; Win64; x64) AppleWebKit/537.36 (KHTML, like Gecko) Chrome/148.0.0.0 Safari/537.36" www.chem-on.com.sg 10.37.102.197
38.25.219.47 - - [14/Sep/2026:20:24:51 -0500] "GET /catalog/view/javascript/jquery/datetimepicker/moment.js HTTP/2.0" 200 26425 "https://www.chem-on.com.sg/tumaker-dual-fdm-3d-printer" "Mozilla/5.0 (Windows NT 10.0; Win64; x64) AppleWebKit/537.36 (KHTML, like Gecko) Chrome/148.0.0.0 Safari/537.36" www.chem-on.com.sg 10.37.102.197
38.25.219.47 - - [14/Sep/2026:20:24:52 -0500] "GET /catalog/view/javascript/side-menu-sidr/jquery.sidr.min.js HTTP/2.0" 200 3125 "https://www.chem-on.com.sg/tumaker-dual-fdm-3d-printer" "Mozilla/5.0 (Windows NT 10.0; Win64; x64) AppleWebKit/537.36 (KHTML, like Gecko) Chrome/148.0.0.0 Safari/537.36" www.chem-on.com.sg 10.37.102.197
38.25.219.47 - - [14/Sep/2026:20:24:52 -0500] "GET /catalog/view/javascript/side-menu-sidr/sidr.min.js HTTP/2.0" 200 3196 "https://www.chem-on.com.sg/tumaker-dual-fdm-3d-printer" "Mozilla/5.0 (Windows NT 10.0; Win64; x64) AppleWebKit/537.36 (KHTML, like Gecko) Chrome/148.0.0.0 Safari/537.36" www.chem-on.com.sg 10.37.102.197
38.25.219.47 - - [14/Sep/2026:20:24:53 -0500] "GET /catalog/view/javascript/jquery-multi-level-accordion-menu/js/modernizr.js HTTP/2.0" 200 6946 "https://www.chem-on.com.sg/tumaker-dual-fdm-3d-printer" "Mozilla/5.0 (Windows NT 10.0; Win64; x64) AppleWebKit/537.36 (KHTML, like Gecko) Chrome/148.0.0.0 Safari/537.36" www.chem-on.com.sg 10.37.102.197
87.232.226.91 - - [14/Sep/2026:20:24:49 -0500] "GET /process-and-manufacturing/process-and-manufacturing/process-and-manufacturing/process-and-manufacturing/process-and-manufacturing/process-and-manufacturing/ZMORPH-CNC-Toolhead HTTP/2.0" 200 118490 "-" "Mozilla/5.0 (Macintosh; Intel Mac OS X 10.15; rv:151.0) Gecko/20100101 Firefox/151.0" www.chem-on.com.sg 10.37.102.197
38.25.219.47 - - [14/Sep/2026:20:24:53 -0500] "GET /catalog/view/javascript/aos/aos.js HTTP/2.0" 200 6713 "https://www.chem-on.com.sg/tumaker-dual-fdm-3d-printer" "Mozilla/5.0 (Windows NT 10.0; Win64; x64) AppleWebKit/537.36 (KHTML, like Gecko) Chrome/148.0.0.0 Safari/537.36" www.chem-on.com.sg 10.37.102.197
38.25.219.47 - - [14/Sep/2026:20:24:53 -0500] "GET /catalog/view/javascript/live_search/live_search.css HTTP/2.0" 200 816 "https://www.chem-on.com.sg/tumaker-dual-fdm-3d-printer" "Mozilla/5.0 (Windows NT 10.0; Win64; x64) AppleWebKit/537.36 (KHTML, like Gecko) Chrome/148.0.0.0 Safari/537.36" www.chem-on.com.sg 10.37.102.197
38.25.219.47 - - [14/Sep/2026:20:24:53 -0500] "GET /catalog/view/javascript/enquiry.js HTTP/2.0" 200 1105 "https://www.chem-on.com.sg/tumaker-dual-fdm-3d-printer" "Mozilla/5.0 (Windows NT 10.0; Win64; x64) AppleWebKit/537.36 (KHTML, like Gecko) Chrome/148.0.0.0 Safari/537.36" www.chem-on.com.sg 10.37.102.197
38.25.219.47 - - [14/Sep/2026:20:24:53 -0500] "GET /catalog/view/javascript/common.js HTTP/2.0" 200 5818 "https://www.chem-on.com.sg/tumaker-dual-fdm-3d-printer" "Mozilla/5.0 (Windows NT 10.0; Win64; x64) AppleWebKit/537.36 (KHTML, like Gecko) Chrome/148.0.0.0 Safari/537.36" www.chem-on.com.sg 10.37.102.197
38.25.219.47 - - [14/Sep/2026:20:24:53 -0500] "GET /catalog/view/javascript/alpha.js HTTP/2.0" 200 5313 "https://www.chem-on.com.sg/tumaker-dual-fdm-3d-printer" "Mozilla/5.0 (Windows NT 10.0; Win64; x64) AppleWebKit/537.36 (KHTML, like Gecko) Chrome/148.0.0.0 Safari/537.36" www.chem-on.com.sg 10.37.102.197
38.25.219.47 - - [14/Sep/2026:20:24:53 -0500] "GET /catalog/view/javascript/live_search/live_search.js HTTP/2.0" 200 3038 "https://www.chem-on.com.sg/tumaker-dual-fdm-3d-printer" "Mozilla/5.0 (Windows NT 10.0; Win64; x64) AppleWebKit/537.36 (KHTML, like Gecko) Chrome/148.0.0.0 Safari/537.36" www.chem-on.com.sg 10.37.102.197
38.25.219.47 - - [14/Sep/2026:20:24:53 -0500] "GET /catalog/view/javascript/smartmenus/jquery.smartmenus.min.js HTTP/2.0" 200 9451 "https://www.chem-on.com.sg/tumaker-dual-fdm-3d-printer" "Mozilla/5.0 (Windows NT 10.0; Win64; x64) AppleWebKit/537.36 (KHTML, like Gecko) Chrome/148.0.0.0 Safari/537.36" www.chem-on.com.sg 10.37.102.197
38.25.219.47 - - [14/Sep/2026:20:24:53 -0500] "GET /catalog/view/javascript/bluebird.min.js HTTP/2.0" 200 29750 "https://www.chem-on.com.sg/tumaker-dual-fdm-3d-printer" "Mozilla/5.0 (Windows NT 10.0; Win64; x64) AppleWebKit/537.36 (KHTML, like Gecko) Chrome/148.0.0.0 Safari/537.36" www.chem-on.com.sg 10.37.102.197
38.25.219.47 - - [14/Sep/2026:20:24:53 -0500] "GET /catalog/view/javascript/sweetalert2.all.min.js HTTP/2.0" 200 19772 "https://www.chem-on.com.sg/tumaker-dual-fdm-3d-printer" "Mozilla/5.0 (Windows NT 10.0; Win64; x64) AppleWebKit/537.36 (KHTML, like Gecko) Chrome/148.0.0.0 Safari/537.36" www.chem-on.com.sg 10.37.102.197
182.107.39.105 - - [14/Sep/2026:20:24:57 -0500] "GET /tumaker-dual-fdm-3d-printer HTTP/2.0" 200 30122 "-" "Mozilla/5.0 (Windows NT 11.0; Win64; x64) AppleWebKit/537.36 (KHTML, like Gecko) Chrome/134.0.0 Safari/537.36 Edg/134.0.0" www.chem-on.com.sg 10.37.102.197
17.166.234.26 - - [14/Sep/2026:20:24:59 -0500] "GET /image/cache/catalog/product/BLACK%20PEARLS%20800%2001-300x225.jpg HTTP/2.0" 200 17279 "-" "Mozilla/5.0 (Macintosh; Intel Mac OS X 10_15_7) AppleWebKit/605.1.15 (KHTML, like Gecko) Version/17.4 Safari/605.1.15 (Applebot/0.1; +http://www.apple.com/go/applebot)" www.chem-on.com.sg 10.37.102.197
51.183.11.247 - - [14/Sep/2026:20:25:00 -0500] "GET /image/cache/catalog/Industrial%20Solutions/Tumaker/Impresora-3d-Tumaker-Dual-Direct-Drive-DirectDrive-1024x939-1-300x230.png HTTP/2.0" 304 - "-" "Mozilla/5.0 (Macintosh; Intel Mac OS X 10_15_7) AppleWebKit/537.36 (KHTML, like Gecko) Chrome/120.0.0.0 Safari/537.36" www.chem-on.com.sg 10.37.102.197
51.183.11.247 - - [14/Sep/2026:20:25:00 -0500] "GET /image/cache/catalog/Industrial%20Solutions/Tumaker/DUAL-SLIDER_sliderEN-300x230.jpeg HTTP/2.0" 304 - "-" "Mozilla/5.0 (Macintosh; Intel Mac OS X 10_15_7) AppleWebKit/537.36 (KHTML, like Gecko) Chrome/120.0.0.0 Safari/537.36" www.chem-on.com.sg 10.37.102.197
85.208.98.60 - - [14/Sep/2026:20:25:04 -0500] "GET /laboratory-equipment/laboratory-equipment/aeros-spectrophotometer HTTP/1.1" 406 226 "-" "Mozilla/5.0 (compatible; SemrushBot-BA; +http://www.semrush.com/bot.html)" www.chem-on.com.sg 10.37.102.197
85.208.98.55 - - [14/Sep/2026:20:25:10 -0500] "GET /laboratory-equipment/laboratory-equipment/agera-spectrophotometer HTTP/1.1" 406 226 "-" "Mozilla/5.0 (compatible; SemrushBot-BA; +http://www.semrush.com/bot.html)" chem-on.com.sg 10.37.102.197
85.208.98.55 - - [14/Sep/2026:20:25:16 -0500] "GET /miniscan-ez-4000l HTTP/1.1" 406 226 "-" "Mozilla/5.0 (compatible; SemrushBot-BA; +http://www.semrush.com/bot.html)" chem-on.com.sg 10.37.102.197
161.153.113.113 - - [14/Sep/2026:20:25:15 -0500] "GET /lab-and-analytical/lab-and-analytical/lab-and-analytical/ohaus-frontier-tm-5000-series-mini-centrifuge-fc5306 HTTP/2.0" 200 29500 "-" "Mozilla/5.0 (X11; Linux x86_64) AppleWebKit/537.36 (KHTML, like Gecko) Chrome/126.0.0.0 Safari/537.36 (compatible; AionBot/1.0)" www.chem-on.com.sg 10.37.102.197
40.77.167.151 - - [14/Sep/2026:20:25:08 -0500] "GET /Aluminium-Hydroxide-HWF-50-SP HTTP/2.0" 200 31916 "-" "Mozilla/5.0 AppleWebKit/537.36 (KHTML, like Gecko; compatible; bingbot/2.0; +http://www.bing.com/bingbot.htm) Chrome/116.0.1938.76 Safari/537.36" www.chem-on.com.sg.mahachem.com 10.37.102.197
203.168.156.49 - - [14/Sep/2026:20:25:12 -0500] "GET /coating/coating/Micronised-Amide-Modified-Hydrogenated-Castor-Oil-CRAYVALLAC-MT HTTP/2.0" 200 32614 "-" "Mozilla/5.0 (Macintosh; Intel Mac OS X 10_15_7) AppleWebKit/537.36 (KHTML, like Gecko) Chrome/150.0.0.0 Safari/537.36" www.chem-on.com.sg 10.37.102.197
85.208.98.55 - - [14/Sep/2026:20:25:21 -0500] "GET /spectratrend-ht-spectrophotometer HTTP/1.1" 406 226 "-" "Mozilla/5.0 (compatible; SemrushBot-BA; +http://www.semrush.com/bot.html)" www.chem-on.com.sg 10.37.102.197
85.208.98.55 - - [14/Sep/2026:20:25:29 -0500] "GET /lab-and-analytical/laboratory-equipment/miniscan-ez-4000l HTTP/1.1" 406 226 "-" "Mozilla/5.0 (compatible; SemrushBot-BA; +http://www.semrush.com/bot.html)" www.chem-on.com.sg 10.37.102.197
63.160.226.243 - - [14/Sep/2026:20:25:47 -0500] "GET /coating/protective-and-marine-coating/coating/coating/ANTI-CRATER-ADDITIVE-SOLURYL-820 HTTP/2.0" 200 112304 "-" "Mozilla/5.0 (Macintosh; Intel Mac OS X 10_15_7) AppleWebKit/537.36 (KHTML, like Gecko) Chrome/149.0.0.0 Safari/537.36" www.chem-on.com.sg 10.37.102.197
85.208.98.59 - - [14/Sep/2026:20:25:49 -0500] "GET /laboratory-equipment/agera-spectrophotometer HTTP/1.1" 406 226 "-" "Mozilla/5.0 (compatible; SemrushBot-BA; +http://www.semrush.com/bot.html)" www.chem-on.com.sg 10.37.102.197
85.208.98.59 - - [14/Sep/2026:20:25:55 -0500] "GET /miniscan-ez-4000l HTTP/1.1" 406 226 "-" "Mozilla/5.0 (compatible; SemrushBot-BA; +http://www.semrush.com/bot.html)" www.chem-on.com.sg 10.37.102.197
85.208.98.55 - - [14/Sep/2026:20:26:19 -0500] "GET /lab-and-analytical/colorflex-ez HTTP/1.1" 406 226 "-" "Mozilla/5.0 (compatible; SemrushBot-BA; +http://www.semrush.com/bot.html)" chem-on.com.sg 10.37.102.197
152.208.10.210 - - [14/Sep/2026:20:26:17 -0500] "GET /coating/coating/Zinc-Potassium-Chromate-(Z.P.C) HTTP/2.0" 200 31157 "-" "Mozilla/5.0 (Windows NT 10.0; Win64; x64) AppleWebKit/537.36 (KHTML, like Gecko) Chrome/145.0.0.0 Safari/537.36" www.chem-on.com.sg 10.37.102.197
85.208.98.55 - - [14/Sep/2026:20:26:23 -0500] "GET /lab-and-analytical/agera-spectrophotometer HTTP/1.1" 406 226 "-" "Mozilla/5.0 (compatible; SemrushBot-BA; +http://www.semrush.com/bot.html)" chem-on.com.sg 10.37.102.197
85.208.98.55 - - [14/Sep/2026:20:26:28 -0500] "GET /lab-and-analytical/laboratory-equipment/agera-spectrophotometer HTTP/1.1" 406 226 "-" "Mozilla/5.0 (compatible; SemrushBot-BA; +http://www.semrush.com/bot.html)" chem-on.com.sg 10.37.102.197
39.144.82.56 - - [14/Sep/2026:20:26:30 -0500] "GET /process-and-manufacturing/process-and-manufacturing-solutions/lau-disperser-das200 HTTP/2.0" 200 28882 "-" "Mozilla/5.0 (Phone; OpenHarmony 6.1) AppleWebKit/537.36 (KHTML, like Gecko) Chrome/132.0.0.0 Safari/537.36 ArkWeb/6.1.0.134 Mobile bd_dvt/0 SP-engine/3.62.0 bdapp/1.0 (baiduboxapp; baiduboxapp) baiduboxapp/15.74.1.10 (Baidu; P5 6.1.0.150) NABar/1.0" www.chem-on.com.sg 10.37.102.197
85.208.98.60 - - [14/Sep/2026:20:26:34 -0500] "GET /miniscan-ez-4500l HTTP/1.1" 406 226 "-" "Mozilla/5.0 (compatible; SemrushBot-BA; +http://www.semrush.com/bot.html)" www.chem-on.com.sg 10.37.102.197
209.127.27.16 - - [14/Sep/2026:20:26:28 -0500] "GET /image/catalog/brochures/brochure%20-%20surfynol.pdf HTTP/1.1" 404 43363 "-" "Mozilla/5.0 (Windows NT 10.0; Win64; x64; rv:109.0) Gecko/20100101 Firefox/111.0" www.chem-on.com.sg 10.37.102.197
85.208.98.55 - - [14/Sep/2026:20:26:48 -0500] "GET /lab-and-analytical/laboratory-equipment/ultrascan-pro-spectrophotometer HTTP/1.1" 406 226 "-" "Mozilla/5.0 (compatible; SemrushBot-BA; +http://www.semrush.com/bot.html)" www.chem-on.com.sg 10.37.102.197
87.232.147.127 - - [14/Sep/2026:20:26:57 -0500] "GET /laboratory-equipment/laboratory-equipment/laboratory-equipment/waterbath-wnb-45-w-o-lid-cap-45-ltrs HTTP/2.0" 200 110039 "-" "Mozilla/5.0 (Macintosh; Intel Mac OS X 10_15_7) AppleWebKit/537.36 (KHTML, like Gecko) Chrome/149.0.0.0 Safari/537.36" www.chem-on.com.sg 10.37.102.197
161.153.113.113 - - [14/Sep/2026:20:27:02 -0500] "GET /lab-and-analytical/laboratory-equipment/lab-and-analytical/lab-and-analytical?product_id=687 HTTP/2.0" 200 28243 "-" "Mozilla/5.0 (X11; Linux x86_64) AppleWebKit/537.36 (KHTML, like Gecko) Chrome/126.0.0.0 Safari/537.36 (compatible; AionBot/1.0)" www.chem-on.com.sg 10.37.102.197
85.208.98.55 - - [14/Sep/2026:20:27:10 -0500] "GET /ultrascan-vis-spectrophotometer HTTP/1.1" 406 226 "-" "Mozilla/5.0 (compatible; SemrushBot-BA; +http://www.semrush.com/bot.html)" www.chem-on.com.sg 10.37.102.197
85.208.98.55 - - [14/Sep/2026:20:27:16 -0500] "GET /ultrascan-vis-spectrophotometer HTTP/1.1" 406 226 "-" "Mozilla/5.0 (compatible; SemrushBot-BA; +http://www.semrush.com/bot.html)" chem-on.com.sg 10.37.102.197
45.204.124.236 - - [14/Sep/2026:20:27:31 -0500] "GET /3d-printing-solutions/3d-printing-solutions/3d-printing-solutions/3d-printing-solutions/3d-printing-solutions/3d-printing-solutions/3d-printing-polymer-pellets HTTP/2.0" 200 121755 "-" "Mozilla/5.0 (Macintosh; Intel Mac OS X 10_15_7) AppleWebKit/537.36 (KHTML, like Gecko) Chrome/149.0.0.0 Safari/537.36" www.chem-on.com.sg 10.37.102.197
85.208.98.55 - - [14/Sep/2026:20:27:39 -0500] "GET /aeros-spectrophotometer HTTP/1.1" 406 226 "-" "Mozilla/5.0 (compatible; SemrushBot-BA; +http://www.semrush.com/bot.html)" www.chem-on.com.sg 10.37.102.197
85.208.98.59 - - [14/Sep/2026:20:27:51 -0500] "GET /miniscan-ez-4500l HTTP/1.1" 406 226 "-" "Mozilla/5.0 (compatible; SemrushBot-BA; +http://www.semrush.com/bot.html)" chem-on.com.sg 10.37.102.197
85.208.98.59 - - [14/Sep/2026:20:28:00 -0500] "GET /vista-spectrophotometer HTTP/1.1" 406 226 "-" "Mozilla/5.0 (compatible; SemrushBot-BA; +http://www.semrush.com/bot.html)" www.chem-on.com.sg 10.37.102.197
207.168.23.44 - - [14/Sep/2026:20:28:05 -0500] "GET /process-and-manufacturing/process-and-manufacturing/process-and-manufacturing/process-and-manufacturing/process-and-manufacturing/process-and-manufacturing/3d-printing-polymer-powder HTTP/2.0" 200 121928 "-" "Mozilla/5.0 (Macintosh; Intel Mac OS X 10_15_7) AppleWebKit/537.36 (KHTML, like Gecko) Chrome/148.0.0.0 Safari/537.36 Edg/148.0.0.0" www.chem-on.com.sg 10.37.102.197
136.143.241.127 - - [14/Sep/2026:20:27:59 -0500] "GET /graduated-pipettes-type-1-mohr-class-as HTTP/1.1" 200 43695 "-" "Mozilla/5.0 (compatible; ExaSearchBot/1.0; +https://crawler.exa.ai/)" www.chem-on.com.sg 10.37.102.197
85.208.98.55 - - [14/Sep/2026:20:28:13 -0500] "GET /laboratory-equipment/laboratory-equipment/aeros-spectrophotometer HTTP/1.1" 406 226 "-" "Mozilla/5.0 (compatible; SemrushBot-BA; +http://www.semrush.com/bot.html)" chem-on.com.sg 10.37.102.197
216.73.216.55 - - [14/Sep/2026:20:28:23 -0500] "GET /search?page=135&tag=simple HTTP/2.0" 200 24741 "-" "Mozilla/5.0 AppleWebKit/537.36 (KHTML, like Gecko; compatible; ClaudeBot/1.0; +claudebot@anthropic.com)" www.chem-on.com.sg 10.37.102.197
216.73.216.55 - - [14/Sep/2026:20:28:24 -0500] "GET /search?page=99&tag=dispensers HTTP/2.0" 200 24691 "-" "Mozilla/5.0 AppleWebKit/537.36 (KHTML, like Gecko; compatible; ClaudeBot/1.0; +claudebot@anthropic.com)" www.chem-on.com.sg 10.37.102.197
216.73.216.55 - - [14/Sep/2026:20:28:23 -0500] "GET /search?page=133&tag=Equipment HTTP/2.0" 200 - "-" "Mozilla/5.0 AppleWebKit/537.36 (KHTML, like Gecko; compatible; ClaudeBot/1.0; +claudebot@anthropic.com)" www.chem-on.com.sg 10.37.102.197
182.6.43.8 - - [14/Sep/2026:20:28:36 -0500] "GET /home-personal-care/face-toner-formulation HTTP/2.0" 200 25089 "android-app://com.google.android.googlequicksearchbox/" "Mozilla/5.0 (Linux; Android 10; K) AppleWebKit/537.36 (KHTML, like Gecko) Chrome/151.0.0.0 Mobile Safari/537.36" www.chem-on.com.sg 10.37.102.197
85.208.98.55 - - [14/Sep/2026:20:28:40 -0500] "GET /lab-and-analytical/laboratory-equipment/spectratrend-ht-spectrophotometer HTTP/1.1" 406 226 "-" "Mozilla/5.0 (compatible; SemrushBot-BA; +http://www.semrush.com/bot.html)" www.chem-on.com.sg 10.37.102.197
85.208.98.60 - - [14/Sep/2026:20:28:53 -0500] "GET /colorflex-ez HTTP/1.1" 406 226 "-" "Mozilla/5.0 (compatible; SemrushBot-BA; +http://www.semrush.com/bot.html)" www.chem-on.com.sg 10.37.102.197
45.204.124.191 - - [14/Sep/2026:20:29:00 -0500] "GET /lab-and-analytical/lab-and-analytical/lab-and-analytical/lab-and-analytical/trifluoroacetic-anhydride-106232-100g-set HTTP/2.0" 200 111061 "-" "Mozilla/5.0 (Macintosh; Intel Mac OS X 10_15_7) AppleWebKit/537.36 (KHTML, like Gecko) Chrome/148.0.0.0 Safari/537.36 Edg/148.0.0.0" www.chem-on.com.sg 10.37.102.197
85.208.98.59 - - [14/Sep/2026:20:29:06 -0500] "GET /spectratrend-ht-spectrophotometer HTTP/1.1" 406 226 "-" "Mozilla/5.0 (compatible; SemrushBot-BA; +http://www.semrush.com/bot.html)" chem-on.com.sg 10.37.102.197
172.56.45.236 - - [14/Sep/2026:20:29:07 -0500] "GET /BUBREAK-4511 HTTP/2.0" 200 110122 "-" "Mozilla/5.0 (Macintosh; Intel Mac OS X 10_15_7) AppleWebKit/537.36 (KHTML, like Gecko) Chrome/149.0.0.0 Safari/537.36" www.chem-on.com.sg 10.37.102.197
85.208.98.55 - - [14/Sep/2026:20:29:12 -0500] "GET /dual-beam-spectrophotometer-cpat HTTP/1.1" 406 226 "-" "Mozilla/5.0 (compatible; SemrushBot-BA; +http://www.semrush.com/bot.html)" www.chem-on.com.sg 10.37.102.197
70.172.201.219 - - [14/Sep/2026:20:29:16 -0500] "GET /laboratory-equipment/laboratory-equipment/laboratory-equipment/wet-abrasion-scrub-tester-bgd526 HTTP/2.0" 200 124036 "-" "Mozilla/5.0 (Macintosh; Intel Mac OS X 10_15_7) AppleWebKit/537.36 (KHTML, like Gecko) Chrome/149.0.0.0 Safari/537.36" www.chem-on.com.sg 10.37.102.197
69.124.156.27 - - [14/Sep/2026:20:29:16 -0500] "GET /3d-printing-solutions/3d-printing-solutions/3d-printing-solutions/3d-printing-solutions/ZMORPH-CNC-Toolhead HTTP/2.0" 200 117914 "-" "Mozilla/5.0 (Macintosh; Intel Mac OS X 10_15_7) AppleWebKit/537.36 (KHTML, like Gecko) Chrome/148.0.0.0 Safari/537.36 Edg/148.0.0.0" www.chem-on.com.sg 10.37.102.197
103.110.161.137 - - [14/Sep/2026:20:29:21 -0500] "GET /coating/architectural/coating/Superior-Electrical-Conductivity-TUBALL-MATRIX-203 HTTP/2.0" 302 - "-" "Mozilla/5.0 (Linux; Android 14; 23127PN0CC) AppleWebKit/537.36 (KHTML, like Gecko) Chrome/147.0.0.0 Mobile Safari/537.36" www.chem-on.com.sg 10.37.102.197
103.110.161.137 - - [14/Sep/2026:20:29:22 -0500] "GET /products/coating/architectural/coating/coating HTTP/2.0" 200 29986 "-" "Mozilla/5.0 (Linux; Android 14; 23127PN0CC) AppleWebKit/537.36 (KHTML, like Gecko) Chrome/147.0.0.0 Mobile Safari/537.36" www.chem-on.com.sg 10.37.102.197
52.167.144.171 - - [14/Sep/2026:20:29:30 -0500] "GET /image/cache/catalog/csm_PSA-Series_1e9416b686-300x230.jpeg HTTP/2.0" 200 14959 "-" "Mozilla/5.0 AppleWebKit/537.36 (KHTML, like Gecko; compatible; bingbot/2.0; +http://www.bing.com/bingbot.htm) Chrome/116.0.1938.76 Safari/537.36" www.chem-on.com.sg 10.37.102.197
103.110.161.137 - - [14/Sep/2026:20:29:31 -0500] "GET /image/cache/catalog/Logos/liquid-soap%20_2_-24x24.png HTTP/2.0" 206 500 "https://www.chem-on.com.sg/products/coating/architectural/coating/coating" "Mozilla/5.0 (Linux; Android 14; 23127PN0CC) AppleWebKit/537.36 (KHTML, like Gecko) Chrome/147.0.0.0 Mobile Safari/537.36" www.chem-on.com.sg 10.37.102.197
103.110.161.137 - - [14/Sep/2026:20:29:31 -0500] "GET /image/cache/catalog/Logos/Machinery%20_%20Equipment%20_3_-24x24.png HTTP/2.0" 206 500 "https://www.chem-on.com.sg/products/coating/architectural/coating/coating" "Mozilla/5.0 (Linux; Android 14; 23127PN0CC) AppleWebKit/537.36 (KHTML, like Gecko) Chrome/147.0.0.0 Mobile Safari/537.36" www.chem-on.com.sg 10.37.102.197
103.110.161.137 - - [14/Sep/2026:20:29:31 -0500] "GET /image/cache/catalog/Logos/foodnutritionhover-24x24.png HTTP/2.0" 206 500 "https://www.chem-on.com.sg/products/coating/architectural/coating/coating" "Mozilla/5.0 (Linux; Android 14; 23127PN0CC) AppleWebKit/537.36 (KHTML, like Gecko) Chrome/147.0.0.0 Mobile Safari/537.36" www.chem-on.com.sg 10.37.102.197
103.110.161.137 - - [14/Sep/2026:20:29:31 -0500] "GET /image/cache/catalog/Logos/paint%20_2_-24x24.png HTTP/2.0" 206 500 "https://www.chem-on.com.sg/products/coating/architectural/coating/coating" "Mozilla/5.0 (Linux; Android 14; 23127PN0CC) AppleWebKit/537.36 (KHTML, like Gecko) Chrome/147.0.0.0 Mobile Safari/537.36" www.chem-on.com.sg 10.37.102.197
103.110.161.137 - - [14/Sep/2026:20:29:31 -0500] "GET /image/cache/catalog/mahachem/home/coating-white-24x24.png HTTP/2.0" 206 500 "https://www.chem-on.com.sg/products/coating/architectural/coating/coating" "Mozilla/5.0 (Linux; Android 14; 23127PN0CC) AppleWebKit/537.36 (KHTML, like Gecko) Chrome/147.0.0.0 Mobile Safari/537.36" www.chem-on.com.sg 10.37.102.197
103.110.161.137 - - [14/Sep/2026:20:29:31 -0500] "GET /image/cache/catalog/Logos/brickwall%20_1_-24x24.png HTTP/2.0" 206 500 "https://www.chem-on.com.sg/products/coating/architectural/coating/coating" "Mozilla/5.0 (Linux; Android 14; 23127PN0CC) AppleWebKit/537.36 (KHTML, like Gecko) Chrome/147.0.0.0 Mobile Safari/537.36" www.chem-on.com.sg 10.37.102.197
103.110.161.137 - - [14/Sep/2026:20:29:31 -0500] "GET /image/cache/catalog/Logos/ink%20white-24x24.png HTTP/2.0" 206 500 "https://www.chem-on.com.sg/products/coating/architectural/coating/coating" "Mozilla/5.0 (Linux; Android 14; 23127PN0CC) AppleWebKit/537.36 (KHTML, like Gecko) Chrome/147.0.0.0 Mobile Safari/537.36" www.chem-on.com.sg 10.37.102.197
103.110.161.137 - - [14/Sep/2026:20:29:31 -0500] "GET /image/cache/catalog/Logos/life-preserver%20_2_-24x24.png HTTP/2.0" 206 500 "https://www.chem-on.com.sg/products/coating/architectural/coating/coating" "Mozilla/5.0 (Linux; Android 14; 23127PN0CC) AppleWebKit/537.36 (KHTML, like Gecko) Chrome/147.0.0.0 Mobile Safari/537.36" www.chem-on.com.sg 10.37.102.197
103.110.161.137 - - [14/Sep/2026:20:29:31 -0500] "GET /image/cache/catalog/product/SOLURYL%20820%2001-300x225.jpg HTTP/2.0" 206 500 "https://www.chem-on.com.sg/products/coating/architectural/coating/coating" "Mozilla/5.0 (Linux; Android 14; 23127PN0CC) AppleWebKit/537.36 (KHTML, like Gecko) Chrome/147.0.0.0 Mobile Safari/537.36" www.chem-on.com.sg 10.37.102.197
103.110.161.137 - - [14/Sep/2026:20:29:31 -0500] "GET /image/cache/catalog/Logos/consumer%203-24x24.png HTTP/2.0" 206 500 "https://www.chem-on.com.sg/products/coating/architectural/coating/coating" "Mozilla/5.0 (Linux; Android 14; 23127PN0CC) AppleWebKit/537.36 (KHTML, like Gecko) Chrome/147.0.0.0 Mobile Safari/537.36" www.chem-on.com.sg 10.37.102.197
103.110.161.137 - - [14/Sep/2026:20:29:31 -0500] "GET /image/cache/catalog/product/SUZORITE%20MICA%20200-HK%2001-300x225.jpg HTTP/2.0" 206 500 "https://www.chem-on.com.sg/products/coating/architectural/coating/coating" "Mozilla/5.0 (Linux; Android 14; 23127PN0CC) AppleWebKit/537.36 (KHTML, like Gecko) Chrome/147.0.0.0 Mobile Safari/537.36" www.chem-on.com.sg 10.37.102.197
103.110.161.137 - - [14/Sep/2026:20:29:31 -0500] "GET /image/cache/catalog/product/PLIOTEC%20HDT12%2001%20-300x225.png HTTP/2.0" 206 500 "https://www.chem-on.com.sg/products/coating/architectural/coating/coating" "Mozilla/5.0 (Linux; Android 14; 23127PN0CC) AppleWebKit/537.36 (KHTML, like Gecko) Chrome/147.0.0.0 Mobile Safari/537.36" www.chem-on.com.sg 10.37.102.197
103.110.161.137 - - [14/Sep/2026:20:29:31 -0500] "GET /image/cache/catalog/product/Adhesion_%20Promoter_%20TEGO_%20ADDID_%20900%2001-300x225.jpg HTTP/2.0" 206 500 "https://www.chem-on.com.sg/products/coating/architectural/coating/coating" "Mozilla/5.0 (Linux; Android 14; 23127PN0CC) AppleWebKit/537.36 (KHTML, like Gecko) Chrome/147.0.0.0 Mobile Safari/537.36" www.chem-on.com.sg 10.37.102.197
103.110.161.137 - - [14/Sep/2026:20:29:31 -0500] "GET /image/cache/no_image-300x225.png HTTP/2.0" 206 500 "https://www.chem-on.com.sg/products/coating/architectural/coating/coating" "Mozilla/5.0 (Linux; Android 14; 23127PN0CC) AppleWebKit/537.36 (KHTML, like Gecko) Chrome/147.0.0.0 Mobile Safari/537.36" www.chem-on.com.sg 10.37.102.197
103.110.161.137 - - [14/Sep/2026:20:29:31 -0500] "GET /image/cache/catalog/product/SILIKOPON_EF%2001-300x225.jpg HTTP/2.0" 206 500 "https://www.chem-on.com.sg/products/coating/architectural/coating/coating" "Mozilla/5.0 (Linux; Android 14; 23127PN0CC) AppleWebKit/537.36 (KHTML, like Gecko) Chrome/147.0.0.0 Mobile Safari/537.36" www.chem-on.com.sg 10.37.102.197
103.110.161.137 - - [14/Sep/2026:20:29:31 -0500] "GET /image/cache/catalog/product/PIROSIL%20PS-300%2001%2002-300x225.jpeg HTTP/2.0" 206 500 "https://www.chem-on.com.sg/products/coating/architectural/coating/coating" "Mozilla/5.0 (Linux; Android 14; 23127PN0CC) AppleWebKit/537.36 (KHTML, like Gecko) Chrome/147.0.0.0 Mobile Safari/537.36" www.chem-on.com.sg 10.37.102.197
103.110.161.137 - - [14/Sep/2026:20:29:32 -0500] "GET /image/cache/catalog/product/MOGUL%20H%2001-300x225.jpg HTTP/2.0" 206 500 "https://www.chem-on.com.sg/products/coating/architectural/coating/coating" "Mozilla/5.0 (Linux; Android 14; 23127PN0CC) AppleWebKit/537.36 (KHTML, like Gecko) Chrome/147.0.0.0 Mobile Safari/537.36" www.chem-on.com.sg 10.37.102.197
216.73.216.55 - - [14/Sep/2026:20:30:01 -0500] "GET /search?page=141&tag=Quality+Control HTTP/2.0" 200 24779 "-" "Mozilla/5.0 AppleWebKit/537.36 (KHTML, like Gecko; compatible; ClaudeBot/1.0; +claudebot@anthropic.com)" www.chem-on.com.sg 10.37.102.197
216.73.216.55 - - [14/Sep/2026:20:30:03 -0500] "GET /search?page=131&tag=Chem+On+Consumer+Goods HTTP/2.0" 200 24871 "-" "Mozilla/5.0 AppleWebKit/537.36 (KHTML, like Gecko; compatible; ClaudeBot/1.0; +claudebot@anthropic.com)" www.chem-on.com.sg 10.37.102.197
216.73.216.55 - - [14/Sep/2026:20:30:01 -0500] "GET /search?page=133&tag=Skin+Care HTTP/2.0" 200 24504 "-" "Mozilla/5.0 AppleWebKit/537.36 (KHTML, like Gecko; compatible; ClaudeBot/1.0; +claudebot@anthropic.com)" www.chem-on.com.sg 10.37.102.197
17.166.151.83 - - [14/Sep/2026:20:30:07 -0500] "GET /robots.txt HTTP/2.0" 301 285 "-" "Mozilla/5.0 (Macintosh; Intel Mac OS X 10_15_7) AppleWebKit/605.1.15 (KHTML, like Gecko) Version/17.4 Safari/605.1.15 (Applebot/0.1; +http://www.apple.com/go/applebot)" chem-on.com.sg 10.37.102.197
17.166.151.83 - - [14/Sep/2026:20:30:07 -0500] "GET /lab-and-industrial-solutions/laboratory-equipment-parts/qlab-fluorescent-uva-lamp-uva-340 HTTP/2.0" 301 364 "-" "Mozilla/5.0 (Macintosh; Intel Mac OS X 10_15_7) AppleWebKit/605.1.15 (KHTML, like Gecko) Version/17.4 Safari/605.1.15 (Applebot/0.1; +http://www.apple.com/go/applebot)" chem-on.com.sg 10.37.102.197
17.166.152.5 - - [14/Sep/2026:20:30:09 -0500] "GET /lab-and-industrial-solutions/laboratory-equipment-parts/qlab-fluorescent-uva-lamp-uva-340 HTTP/2.0" 302 - "-" "Mozilla/5.0 (Macintosh; Intel Mac OS X 10_15_7) AppleWebKit/605.1.15 (KHTML, like Gecko) Version/17.4 Safari/605.1.15 (Applebot/0.1; +http://www.apple.com/go/applebot)" www.chem-on.com.sg 10.37.102.197
17.166.152.5 - - [14/Sep/2026:20:30:09 -0500] "GET /products/laboratory-equipment-parts HTTP/2.0" 200 26843 "-" "Mozilla/5.0 (Macintosh; Intel Mac OS X 10_15_7) AppleWebKit/605.1.15 (KHTML, like Gecko) Version/17.4 Safari/605.1.15 (Applebot/0.1; +http://www.apple.com/go/applebot)" www.chem-on.com.sg 10.37.102.197
85.208.98.60 - - [14/Sep/2026:20:30:16 -0500] "GET /lab-and-analytical/laboratory-equipment/agera-spectrophotometer HTTP/1.1" 406 226 "-" "Mozilla/5.0 (compatible; SemrushBot-BA; +http://www.semrush.com/bot.html)" www.chem-on.com.sg 10.37.102.197
207.168.23.250 - - [14/Sep/2026:20:30:27 -0500] "GET /process-and-manufacturing/process-and-manufacturing/process-and-manufacturing/process-and-manufacturing/process-and-manufacturing/process-and-manufacturing/process-and-manufacturing/3d-printing-metal-powder HTTP/2.0" 200 122388 "-" "Mozilla/5.0 (Macintosh; Intel Mac OS X 10_15_7) AppleWebKit/537.36 (KHTML, like Gecko) Chrome/149.0.0.0 Safari/537.36" www.chem-on.com.sg 10.37.102.197
85.208.98.60 - - [14/Sep/2026:20:30:36 -0500] "GET /laboratory-equipment/aeros-spectrophotometer HTTP/1.1" 406 226 "-" "Mozilla/5.0 (compatible; SemrushBot-BA; +http://www.semrush.com/bot.html)" chem-on.com.sg 10.37.102.197
216.73.216.55 - - [14/Sep/2026:20:30:38 -0500] "GET /search?page=135&tag=Fillers HTTP/2.0" 200 24743 "-" "Mozilla/5.0 AppleWebKit/537.36 (KHTML, like Gecko; compatible; ClaudeBot/1.0; +claudebot@anthropic.com)" www.chem-on.com.sg 10.37.102.197
85.208.98.55 - - [14/Sep/2026:20:30:51 -0500] "GET /ultrascan-pro-spectrophotometer HTTP/1.1" 406 226 "-" "Mozilla/5.0 (compatible; SemrushBot-BA; +http://www.semrush.com/bot.html)" chem-on.com.sg 10.37.102.197
216.73.216.55 - - [14/Sep/2026:20:30:50 -0500] "GET /search?page=134&tag=cosmetic HTTP/2.0" 200 - "-" "Mozilla/5.0 AppleWebKit/537.36 (KHTML, like Gecko; compatible; ClaudeBot/1.0; +claudebot@anthropic.com)" www.chem-on.com.sg 10.37.102.197
85.208.98.55 - - [14/Sep/2026:20:31:01 -0500] "GET /lab-and-analytical/spectratrend-ht-spectrophotometer HTTP/1.1" 406 226 "-" "Mozilla/5.0 (compatible; SemrushBot-BA; +http://www.semrush.com/bot.html)" chem-on.com.sg 10.37.102.197
45.204.115.224 - - [14/Sep/2026:20:31:12 -0500] "GET /lab-and-analytical/lab-and-analytical/lab-and-analytical/lab-and-analytical/turbidity-measuring-module-hazeqc-me HTTP/2.0" 200 112281 "-" "Mozilla/5.0 (Macintosh; Intel Mac OS X 10.15; rv:151.0) Gecko/20100101 Firefox/151.0" www.chem-on.com.sg 10.37.102.197
85.208.98.55 - - [14/Sep/2026:20:31:18 -0500] "GET /lab-and-analytical/dual-beam-spectrophotometer-cpat HTTP/1.1" 406 226 "-" "Mozilla/5.0 (compatible; SemrushBot-BA; +http://www.semrush.com/bot.html)" chem-on.com.sg 10.37.102.197
161.153.113.113 - - [14/Sep/2026:20:31:29 -0500] "GET /buffer-solution-ph10-1-09438-1000-1-l HTTP/2.0" 200 27911 "-" "Mozilla/5.0 (X11; Linux x86_64) AppleWebKit/537.36 (KHTML, like Gecko) Chrome/126.0.0.0 Safari/537.36 (compatible; AionBot/1.0)" www.chem-on.com.sg 10.37.102.197
85.208.98.60 - - [14/Sep/2026:20:31:41 -0500] "GET /lab-and-analytical/laboratory-equipment/aeros-spectrophotometer HTTP/1.1" 406 226 "-" "Mozilla/5.0 (compatible; SemrushBot-BA; +http://www.semrush.com/bot.html)" chem-on.com.sg 10.37.102.197
9.129.48.145 - - [14/Sep/2026:20:31:49 -0500] "GET / HTTP/2.0" 301 275 "-" "Mozilla/5.0 AppleWebKit/537.36 (KHTML, like Gecko); compatible; ChatGPT-User/1.0; +https://openai.com/bot" chem-on.com.sg 10.37.102.197
172.120.213.11 - - [14/Sep/2026:20:31:48 -0500] "GET /baby-care?product_id=2 HTTP/2.0" 200 32376 "-" "Mozilla/5.0 (Linux; Android 15; Pixel 9) AppleWebKit/537.36 (KHTML, like Gecko) Chrome/151.0.0.0 Mobile Safari/537.36" www.chem-on.com.sg 10.37.102.197
149.88.104.10 - - [14/Sep/2026:20:31:34 -0500] "GET / HTTP/1.0" 200 162892 "https://www.chem-on.com.sg/" "Mozilla/5.0 (Windows NT 10.0; Win64; x64) AppleWebKit/537.36 (KHTML, like Gecko) Chrome/131.0.0.0 Safari/537.36 Avast/131.0.0.0" www.chem-on.com.sg 10.37.102.197
172.120.213.11 - - [14/Sep/2026:20:31:56 -0500] "GET /image/cache/catalog/product/AMPHOMER%2028_4910%2001-80x80.jpg HTTP/2.0" 206 500 "https://www.chem-on.com.sg/baby-care?product_id=2" "Mozilla/5.0 (Linux; Android 15; Pixel 9) AppleWebKit/537.36 (KHTML, like Gecko) Chrome/151.0.0.0 Mobile Safari/537.36" www.chem-on.com.sg 10.37.102.197
172.120.213.11 - - [14/Sep/2026:20:31:56 -0500] "GET /image/cache/catalog/product/AMPHOMER%2028_4910%2001-300x230.jpg HTTP/2.0" 206 500 "https://www.chem-on.com.sg/baby-care?product_id=2" "Mozilla/5.0 (Linux; Android 15; Pixel 9) AppleWebKit/537.36 (KHTML, like Gecko) Chrome/151.0.0.0 Mobile Safari/537.36" www.chem-on.com.sg 10.37.102.197
172.120.213.11 - - [14/Sep/2026:20:31:56 -0500] "GET /image/cache/catalog/product/AMPHOMER%20HC%2001-300x225.jpg HTTP/2.0" 206 500 "https://www.chem-on.com.sg/baby-care?product_id=2" "Mozilla/5.0 (Linux; Android 15; Pixel 9) AppleWebKit/537.36 (KHTML, like Gecko) Chrome/151.0.0.0 Mobile Safari/537.36" www.chem-on.com.sg 10.37.102.197
172.120.213.11 - - [14/Sep/2026:20:31:57 -0500] "GET /image/cache/catalog/product/D-LIMONENE%2001-300x225.jpg HTTP/2.0" 206 500 "https://www.chem-on.com.sg/baby-care?product_id=2" "Mozilla/5.0 (Linux; Android 15; Pixel 9) AppleWebKit/537.36 (KHTML, like Gecko) Chrome/151.0.0.0 Mobile Safari/537.36" www.chem-on.com.sg 10.37.102.197
172.120.213.11 - - [14/Sep/2026:20:31:57 -0500] "GET /image/cache/catalog/product/EPAMINE%20PC-11%2001%2002-300x225.jpg HTTP/2.0" 206 500 "https://www.chem-on.com.sg/baby-care?product_id=2" "Mozilla/5.0 (Linux; Android 15; Pixel 9) AppleWebKit/537.36 (KHTML, like Gecko) Chrome/151.0.0.0 Mobile Safari/537.36" www.chem-on.com.sg 10.37.102.197
172.120.213.11 - - [14/Sep/2026:20:31:57 -0500] "GET /image/cache/catalog/product/TRIS%20AMINO%20ULTRA%20PURE%2001%2002-300x225.jpg HTTP/2.0" 206 500 "https://www.chem-on.com.sg/baby-care?product_id=2" "Mozilla/5.0 (Linux; Android 15; Pixel 9) AppleWebKit/537.36 (KHTML, like Gecko) Chrome/151.0.0.0 Mobile Safari/537.36" www.chem-on.com.sg 10.37.102.197
172.120.213.11 - - [14/Sep/2026:20:31:57 -0500] "GET /image/cache/catalog/product/POPCO%20GREEN%2050H%2001%2002%20-300x225.jpg HTTP/2.0" 206 500 "https://www.chem-on.com.sg/baby-care?product_id=2" "Mozilla/5.0 (Linux; Android 15; Pixel 9) AppleWebKit/537.36 (KHTML, like Gecko) Chrome/151.0.0.0 Mobile Safari/537.36" www.chem-on.com.sg 10.37.102.197
149.88.104.10 - - [14/Sep/2026:20:32:00 -0500] "POST /index.php?route=information/contact/submit HTTP/1.0" 200 71 "https://www.chem-on.com.sg/" "Mozilla/5.0 (Windows NT 10.0; Win64; x64) AppleWebKit/537.36 (KHTML, like Gecko) Chrome/131.0.0.0 Safari/537.36 Avast/131.0.0.0" www.chem-on.com.sg 10.37.102.197
71.244.186.103 - - [14/Sep/2026:20:32:07 -0500] "GET /laboratory-equipment/laboratory-equipment/laboratory-equipment/laboratory-equipment/8-channel-syringe-pump-system HTTP/2.0" 200 113892 "-" "Mozilla/5.0 (Macintosh; Intel Mac OS X 10_15_7) AppleWebKit/537.36 (KHTML, like Gecko) Chrome/148.0.0.0 Safari/537.36 Edg/148.0.0.0" www.chem-on.com.sg 10.37.102.197
9.129.48.152 - - [14/Sep/2026:20:31:51 -0500] "GET / HTTP/2.0" 200 - "-" "Mozilla/5.0 AppleWebKit/537.36 (KHTML, like Gecko); compatible; ChatGPT-User/1.0; +https://openai.com/bot" www.chem-on.com.sg 10.37.102.197
149.88.104.10 - - [14/Sep/2026:20:32:02 -0500] "GET / HTTP/1.0" 200 162897 "https://www.chem-on.com.sg/" "Mozilla/5.0 (Windows NT 10.0; Win64; x64) AppleWebKit/537.36 (KHTML, like Gecko) Chrome/131.0.0.0 Safari/537.36 Avast/131.0.0.0" www.chem-on.com.sg 10.37.102.197
85.208.98.60 - - [14/Sep/2026:20:32:31 -0500] "GET /agera-spectrophotometer HTTP/1.1" 406 226 "-" "Mozilla/5.0 (compatible; SemrushBot-BA; +http://www.semrush.com/bot.html)" chem-on.com.sg 10.37.102.197
134.22.47.85 - - [14/Sep/2026:20:32:32 -0500] "GET /index.php?route=product/product&product_id=581 HTTP/2.0" 200 110019 "-" "Mozilla/5.0 (Macintosh; Intel Mac OS X 10_15_7) AppleWebKit/537.36 (KHTML, like Gecko) Chrome/148.0.0.0 Safari/537.36 Edg/148.0.0.0" www.chem-on.com.sg 10.37.102.197
34.171.54.37 - - [14/Sep/2026:20:32:33 -0500] "GET /search?page=19&tag=fdm HTTP/1.1" 200 25086 "-" "Mozilla/5.0 (Macintosh; Intel Mac OS X 10_15_7) AppleWebKit/537.36 (KHTML, like Gecko) Chrome/120.0.0.0 Safari/537.36" www.chem-on.com.sg 10.37.102.197
