82.97.196.127 - - [14/Sep/2026:10:20:45 -0500] "GET /wp-content/plugins/ultimate-member/assets/libs/um-confirm/um-confirm.min.css?ver=1.0 HTTP/2.0" 200 365 "https://ecoori.com/2025/03/spicules-transforming-skincare-with-natural-innovation/" "Mozilla/5.0 (iPhone; CPU iPhone OS 13_2_3 like Mac OS X) AppleWebKit/605.1.15 (KHTML, like Gecko) Version/13.0.3 Mobile/15E148 Safari/604.1" ecoori.com 10.37.102.197
203.78.174.46 - - [14/Sep/2026:10:20:45 -0500] "GET /wp-content/plugins/ultimate-member/assets/libs/raty/um-raty.min.js?ver=2.6.0 HTTP/2.0" 200 3473 "https://ecoori.com/2025/03/spicules-transforming-skincare-with-natural-innovation/" "Mozilla/5.0 (iPhone; CPU iPhone OS 13_2_3 like Mac OS X) AppleWebKit/605.1.15 (KHTML, like Gecko) Version/13.0.3 Mobile/15E148 Safari/604.1" ecoori.com 10.37.102.197
82.97.196.127 - - [14/Sep/2026:10:20:45 -0500] "GET /wp-content/plugins/ultimate-member/assets/css/um-responsive.min.css?ver=2.13.0 HTTP/2.0" 200 2567 "https://ecoori.com/2025/03/spicules-transforming-skincare-with-natural-innovation/" "Mozilla/5.0 (iPhone; CPU iPhone OS 13_2_3 like Mac OS X) AppleWebKit/605.1.15 (KHTML, like Gecko) Version/13.0.3 Mobile/15E148 Safari/604.1" ecoori.com 10.37.102.197
82.97.196.127 - - [14/Sep/2026:10:20:45 -0500] "GET /wp-content/plugins/the-events-calendar/build/css/integrations/plugins/elementor/widgets/widget-base.css?ver=6.15.13 HTTP/2.0" 200 404 "https://ecoori.com/2025/03/spicules-transforming-skincare-with-natural-innovation/" "Mozilla/5.0 (iPhone; CPU iPhone OS 13_2_3 like Mac OS X) AppleWebKit/605.1.15 (KHTML, like Gecko) Version/13.0.3 Mobile/15E148 Safari/604.1" ecoori.com 10.37.102.197
82.97.196.127 - - [14/Sep/2026:10:20:45 -0500] "GET /wp-content/plugins/addon-elements-for-elementor-page-builder/assets/lib/peel/peel.css?ver=1.14.4 HTTP/2.0" 200 388 "https://ecoori.com/2025/03/spicules-transforming-skincare-with-natural-innovation/" "Mozilla/5.0 (iPhone; CPU iPhone OS 13_2_3 like Mac OS X) AppleWebKit/605.1.15 (KHTML, like Gecko) Version/13.0.3 Mobile/15E148 Safari/604.1" ecoori.com 10.37.102.197
82.97.196.127 - - [14/Sep/2026:10:20:45 -0500] "GET /wp-content/uploads/elementor/css/post-392.css?ver=1789373334 HTTP/2.0" 200 1500 "https://ecoori.com/2025/03/spicules-transforming-skincare-with-natural-innovation/" "Mozilla/5.0 (iPhone; CPU iPhone OS 13_2_3 like Mac OS X) AppleWebKit/605.1.15 (KHTML, like Gecko) Version/13.0.3 Mobile/15E148 Safari/604.1" ecoori.com 10.37.102.197
82.97.196.127 - - [14/Sep/2026:10:20:45 -0500] "GET /wp-content/plugins/addon-elements-for-elementor-page-builder/assets/lib/vegas/vegas.min.css?ver=2.4.0 HTTP/2.0" 200 1288 "https://ecoori.com/2025/03/spicules-transforming-skincare-with-natural-innovation/" "Mozilla/5.0 (iPhone; CPU iPhone OS 13_2_3 like Mac OS X) AppleWebKit/605.1.15 (KHTML, like Gecko) Version/13.0.3 Mobile/15E148 Safari/604.1" ecoori.com 10.37.102.197
82.97.196.127 - - [14/Sep/2026:10:20:45 -0500] "GET /wp-content/plugins/ajax-search-lite/css/style-curvy-blue.css?ver=4.14.5 HTTP/2.0" 200 1406 "https://ecoori.com/2025/03/spicules-transforming-skincare-with-natural-innovation/" "Mozilla/5.0 (iPhone; CPU iPhone OS 13_2_3 like Mac OS X) AppleWebKit/605.1.15 (KHTML, like Gecko) Version/13.0.3 Mobile/15E148 Safari/604.1" ecoori.com 10.37.102.197
82.97.196.127 - - [14/Sep/2026:10:20:45 -0500] "GET /wp-content/plugins/ultimate-member/assets/css/common.min.css?ver=2.13.0 HTTP/2.0" 200 289 "https://ecoori.com/2025/03/spicules-transforming-skincare-with-natural-innovation/" "Mozilla/5.0 (iPhone; CPU iPhone OS 13_2_3 like Mac OS X) AppleWebKit/605.1.15 (KHTML, like Gecko) Version/13.0.3 Mobile/15E148 Safari/604.1" ecoori.com 10.37.102.197
203.78.174.46 - - [14/Sep/2026:10:20:45 -0500] "GET /wp-content/plugins/ultimate-member/assets/js/um-profile.min.js?ver=2.13.0 HTTP/2.0" 200 1218 "https://ecoori.com/2025/03/spicules-transforming-skincare-with-natural-innovation/" "Mozilla/5.0 (iPhone; CPU iPhone OS 13_2_3 like Mac OS X) AppleWebKit/605.1.15 (KHTML, like Gecko) Version/13.0.3 Mobile/15E148 Safari/604.1" ecoori.com 10.37.102.197
203.78.174.46 - - [14/Sep/2026:10:20:45 -0500] "GET /wp-content/plugins/ultimate-member/assets/js/um-scripts.min.js?ver=2.13.0 HTTP/2.0" 200 4017 "https://ecoori.com/2025/03/spicules-transforming-skincare-with-natural-innovation/" "Mozilla/5.0 (iPhone; CPU iPhone OS 13_2_3 like Mac OS X) AppleWebKit/605.1.15 (KHTML, like Gecko) Version/13.0.3 Mobile/15E148 Safari/604.1" ecoori.com 10.37.102.197
203.78.174.46 - - [14/Sep/2026:10:20:45 -0500] "GET /wp-content/plugins/ultimate-member/assets/js/um-account.min.js?ver=2.13.0 HTTP/2.0" 200 1048 "https://ecoori.com/2025/03/spicules-transforming-skincare-with-natural-innovation/" "Mozilla/5.0 (iPhone; CPU iPhone OS 13_2_3 like Mac OS X) AppleWebKit/605.1.15 (KHTML, like Gecko) Version/13.0.3 Mobile/15E148 Safari/604.1" ecoori.com 10.37.102.197
203.78.174.46 - - [14/Sep/2026:10:20:45 -0500] "GET /wp-includes/js/hoverIntent.min.js?ver=1.10.2 HTTP/2.0" 200 707 "https://ecoori.com/2025/03/spicules-transforming-skincare-with-natural-innovation/" "Mozilla/5.0 (iPhone; CPU iPhone OS 13_2_3 like Mac OS X) AppleWebKit/605.1.15 (KHTML, like Gecko) Version/13.0.3 Mobile/15E148 Safari/604.1" ecoori.com 10.37.102.197
203.78.174.46 - - [14/Sep/2026:10:20:45 -0500] "GET /wp-content/plugins/elementor-pro/assets/lib/smartmenus/jquery.smartmenus.min.js?ver=1.2.1 HTTP/2.0" 200 9396 "https://ecoori.com/2025/03/spicules-transforming-skincare-with-natural-innovation/" "Mozilla/5.0 (iPhone; CPU iPhone OS 13_2_3 like Mac OS X) AppleWebKit/605.1.15 (KHTML, like Gecko) Version/13.0.3 Mobile/15E148 Safari/604.1" ecoori.com 10.37.102.197
203.78.174.46 - - [14/Sep/2026:10:20:45 -0500] "GET /wp-content/plugins/megamenu/js/maxmegamenu.js?ver=3.3.1 HTTP/2.0" 200 7966 "https://ecoori.com/2025/03/spicules-transforming-skincare-with-natural-innovation/" "Mozilla/5.0 (iPhone; CPU iPhone OS 13_2_3 like Mac OS X) AppleWebKit/605.1.15 (KHTML, like Gecko) Version/13.0.3 Mobile/15E148 Safari/604.1" ecoori.com 10.37.102.197
203.78.174.46 - - [14/Sep/2026:10:20:45 -0500] "GET /wp-content/plugins/elementor-pro/assets/js/webpack-pro.runtime.min.js?ver=3.23.3 HTTP/2.0" 200 2847 "https://ecoori.com/2025/03/spicules-transforming-skincare-with-natural-innovation/" "Mozilla/5.0 (iPhone; CPU iPhone OS 13_2_3 like Mac OS X) AppleWebKit/605.1.15 (KHTML, like Gecko) Version/13.0.3 Mobile/15E148 Safari/604.1" ecoori.com 10.37.102.197
203.78.174.46 - - [14/Sep/2026:10:20:45 -0500] "GET /wp-content/plugins/elementor-pro/assets/lib/sticky/jquery.sticky.min.js?ver=3.23.3 HTTP/2.0" 200 1689 "https://ecoori.com/2025/03/spicules-transforming-skincare-with-natural-innovation/" "Mozilla/5.0 (iPhone; CPU iPhone OS 13_2_3 like Mac OS X) AppleWebKit/605.1.15 (KHTML, like Gecko) Version/13.0.3 Mobile/15E148 Safari/604.1" ecoori.com 10.37.102.197
203.78.174.46 - - [14/Sep/2026:10:20:45 -0500] "GET /wp-content/plugins/elementor-pro/assets/js/frontend.min.js?ver=3.23.3 HTTP/2.0" 200 8770 "https://ecoori.com/2025/03/spicules-transforming-skincare-with-natural-innovation/" "Mozilla/5.0 (iPhone; CPU iPhone OS 13_2_3 like Mac OS X) AppleWebKit/605.1.15 (KHTML, like Gecko) Version/13.0.3 Mobile/15E148 Safari/604.1" ecoori.com 10.37.102.197
203.78.174.46 - - [14/Sep/2026:10:20:45 -0500] "GET /wp-content/plugins/elementor-pro/assets/js/elements-handlers.min.js?ver=3.23.3 HTTP/2.0" 200 13391 "https://ecoori.com/2025/03/spicules-transforming-skincare-with-natural-innovation/" "Mozilla/5.0 (iPhone; CPU iPhone OS 13_2_3 like Mac OS X) AppleWebKit/605.1.15 (KHTML, like Gecko) Version/13.0.3 Mobile/15E148 Safari/604.1" ecoori.com 10.37.102.197
192.204.137.86 - - [14/Sep/2026:10:20:46 -0500] "GET /wp-content/plugins/ultimate-member/assets/js/common.min.js?ver=2.13.0 HTTP/2.0" 200 1012 "https://ecoori.com/2025/03/spicules-transforming-skincare-with-natural-innovation/" "Mozilla/5.0 (Windows NT 10.0; Win64; x64) AppleWebKit/537.36 (KHTML, like Gecko) Chrome/142.0.0.0 Safari/537.36" ecoori.com 10.37.102.197
192.204.137.86 - - [14/Sep/2026:10:20:46 -0500] "GET /wp-content/plugins/ultimate-member/assets/js/common-frontend.min.js?ver=2.13.0 HTTP/2.0" 200 821 "https://ecoori.com/2025/03/spicules-transforming-skincare-with-natural-innovation/" "Mozilla/5.0 (Windows NT 10.0; Win64; x64) AppleWebKit/537.36 (KHTML, like Gecko) Chrome/142.0.0.0 Safari/537.36" ecoori.com 10.37.102.197
82.97.196.127 - - [14/Sep/2026:10:20:45 -0500] "GET /wp-content/plugins/elementor/assets/lib/font-awesome/css/all.min.css?ver=1.0 HTTP/2.0" 200 12862 "https://ecoori.com/2025/03/spicules-transforming-skincare-with-natural-innovation/" "Mozilla/5.0 (iPhone; CPU iPhone OS 13_2_3 like Mac OS X) AppleWebKit/605.1.15 (KHTML, like Gecko) Version/13.0.3 Mobile/15E148 Safari/604.1" ecoori.com 10.37.102.197
82.97.196.127 - - [14/Sep/2026:10:20:45 -0500] "GET /wp-content/uploads/maxmegamenu/style.css?ver=7fdb9e HTTP/2.0" 200 9090 "https://ecoori.com/2025/03/spicules-transforming-skincare-with-natural-innovation/" "Mozilla/5.0 (iPhone; CPU iPhone OS 13_2_3 like Mac OS X) AppleWebKit/605.1.15 (KHTML, like Gecko) Version/13.0.3 Mobile/15E148 Safari/604.1" ecoori.com 10.37.102.197
82.97.196.127 - - [14/Sep/2026:10:20:45 -0500] "GET /wp-content/plugins/ajax-search-lite/css/style.basic.css?ver=4.14.5 HTTP/2.0" 200 5618 "https://ecoori.com/2025/03/spicules-transforming-skincare-with-natural-innovation/" "Mozilla/5.0 (iPhone; CPU iPhone OS 13_2_3 like Mac OS X) AppleWebKit/605.1.15 (KHTML, like Gecko) Version/13.0.3 Mobile/15E148 Safari/604.1" ecoori.com 10.37.102.197
82.97.196.127 - - [14/Sep/2026:10:20:45 -0500] "GET /wp-content/plugins/elementor/assets/lib/eicons/css/elementor-icons.min.css?ver=5.48.0 HTTP/2.0" 200 4528 "https://ecoori.com/2025/03/spicules-transforming-skincare-with-natural-innovation/" "Mozilla/5.0 (iPhone; CPU iPhone OS 13_2_3 like Mac OS X) AppleWebKit/605.1.15 (KHTML, like Gecko) Version/13.0.3 Mobile/15E148 Safari/604.1" ecoori.com 10.37.102.197
82.97.196.127 - - [14/Sep/2026:10:20:45 -0500] "GET /wp-content/uploads/elementor/css/post-6.css?ver=1789373334 HTTP/2.0" 200 473 "https://ecoori.com/2025/03/spicules-transforming-skincare-with-natural-innovation/" "Mozilla/5.0 (iPhone; CPU iPhone OS 13_2_3 like Mac OS X) AppleWebKit/605.1.15 (KHTML, like Gecko) Version/13.0.3 Mobile/15E148 Safari/604.1" ecoori.com 10.37.102.197
82.97.196.127 - - [14/Sep/2026:10:20:45 -0500] "GET /wp-content/plugins/ultimate-member/assets/libs/legacy/fonticons/fonticons-fa.min.css?ver=2.13.0 HTTP/2.0" 200 4527 "https://ecoori.com/2025/03/spicules-transforming-skincare-with-natural-innovation/" "Mozilla/5.0 (iPhone; CPU iPhone OS 13_2_3 like Mac OS X) AppleWebKit/605.1.15 (KHTML, like Gecko) Version/13.0.3 Mobile/15E148 Safari/604.1" ecoori.com 10.37.102.197
82.97.196.127 - - [14/Sep/2026:10:20:45 -0500] "GET /wp-content/plugins/ultimate-member/assets/libs/pickadate/default.min.css?ver=3.6.2 HTTP/2.0" 200 714 "https://ecoori.com/2025/03/spicules-transforming-skincare-with-natural-innovation/" "Mozilla/5.0 (iPhone; CPU iPhone OS 13_2_3 like Mac OS X) AppleWebKit/605.1.15 (KHTML, like Gecko) Version/13.0.3 Mobile/15E148 Safari/604.1" ecoori.com 10.37.102.197
82.97.196.127 - - [14/Sep/2026:10:20:45 -0500] "GET /wp-content/plugins/ultimate-member/assets/libs/pickadate/default.time.min.css?ver=3.6.2 HTTP/2.0" 200 505 "https://ecoori.com/2025/03/spicules-transforming-skincare-with-natural-innovation/" "Mozilla/5.0 (iPhone; CPU iPhone OS 13_2_3 like Mac OS X) AppleWebKit/605.1.15 (KHTML, like Gecko) Version/13.0.3 Mobile/15E148 Safari/604.1" ecoori.com 10.37.102.197
82.97.196.127 - - [14/Sep/2026:10:20:45 -0500] "GET /wp-content/plugins/ultimate-member/assets/libs/um-notice/um-notice.min.css?ver=1.0 HTTP/2.0" 200 303 "https://ecoori.com/2025/03/spicules-transforming-skincare-with-natural-innovation/" "Mozilla/5.0 (iPhone; CPU iPhone OS 13_2_3 like Mac OS X) AppleWebKit/605.1.15 (KHTML, like Gecko) Version/13.0.3 Mobile/15E148 Safari/604.1" ecoori.com 10.37.102.197
82.97.196.127 - - [14/Sep/2026:10:20:45 -0500] "GET /wp-content/plugins/ultimate-member/assets/libs/cropper/cropper.min.css?ver=1.6.1 HTTP/2.0" 200 1322 "https://ecoori.com/2025/03/spicules-transforming-skincare-with-natural-innovation/" "Mozilla/5.0 (iPhone; CPU iPhone OS 13_2_3 like Mac OS X) AppleWebKit/605.1.15 (KHTML, like Gecko) Version/13.0.3 Mobile/15E148 Safari/604.1" ecoori.com 10.37.102.197
185.152.37.164 - - [14/Sep/2026:10:20:46 -0500] "GET /wp-content/plugins/ultimate-member/assets/js/um-functions.min.js?ver=2.13.0 HTTP/2.0" 200 4374 "https://ecoori.com/2025/03/spicules-transforming-skincare-with-natural-innovation/" "Mozilla/5.0 (Windows NT 10.0; Win64; x64) AppleWebKit/537.36 (KHTML, like Gecko) Chrome/142.0.0.0 Safari/537.36" ecoori.com 10.37.102.197
45.80.164.67 - - [14/Sep/2026:10:20:46 -0500] "GET /wp-content/plugins/elementor/assets/lib/animations/styles/fadeIn.min.css?ver=4.0.5 HTTP/2.0" 200 79 "https://ecoori.com/2025/03/spicules-transforming-skincare-with-natural-innovation/" "Mozilla/5.0 (iPhone; CPU iPhone OS 13_2_3 like Mac OS X) AppleWebKit/605.1.15 (KHTML, like Gecko) Version/13.0.3 Mobile/15E148 Safari/604.1" ecoori.com 10.37.102.197
185.152.37.164 - - [14/Sep/2026:10:20:46 -0500] "GET /wp-content/plugins/ultimate-member/assets/js/um-responsive.min.js?ver=2.13.0 HTTP/2.0" 200 212 "https://ecoori.com/2025/03/spicules-transforming-skincare-with-natural-innovation/" "Mozilla/5.0 (Windows NT 10.0; Win64; x64) AppleWebKit/537.36 (KHTML, like Gecko) Chrome/142.0.0.0 Safari/537.36" ecoori.com 10.37.102.197
192.204.137.168 - - [14/Sep/2026:10:20:46 -0500] "GET /wp-content/plugins/elementor/assets/lib/animations/styles/fadeIn.min.css?ver=4.0.5 HTTP/2.0" 200 79 "https://ecoori.com/2025/03/spicules-transforming-skincare-with-natural-innovation/" "Mozilla/5.0 (iPhone; CPU iPhone OS 13_2_3 like Mac OS X) AppleWebKit/605.1.15 (KHTML, like Gecko) Version/13.0.3 Mobile/15E148 Safari/604.1" ecoori.com 10.37.102.197
192.204.137.86 - - [14/Sep/2026:10:20:46 -0500] "GET /wp-content/plugins/ultimate-member/assets/js/um-functions.min.js?ver=2.13.0 HTTP/2.0" 200 4374 "https://ecoori.com/2025/03/spicules-transforming-skincare-with-natural-innovation/" "Mozilla/5.0 (Windows NT 10.0; Win64; x64) AppleWebKit/537.36 (KHTML, like Gecko) Chrome/142.0.0.0 Safari/537.36" ecoori.com 10.37.102.197
192.204.137.86 - - [14/Sep/2026:10:20:46 -0500] "GET /wp-content/plugins/ultimate-member/assets/js/um-modal.min.js?ver=2.13.0 HTTP/2.0" 200 1530 "https://ecoori.com/2025/03/spicules-transforming-skincare-with-natural-innovation/" "Mozilla/5.0 (Windows NT 10.0; Win64; x64) AppleWebKit/537.36 (KHTML, like Gecko) Chrome/142.0.0.0 Safari/537.36" ecoori.com 10.37.102.197
192.204.137.86 - - [14/Sep/2026:10:20:46 -0500] "GET /wp-content/plugins/ultimate-member/assets/js/um-conditional.min.js?ver=2.13.0 HTTP/2.0" 200 2900 "https://ecoori.com/2025/03/spicules-transforming-skincare-with-natural-innovation/" "Mozilla/5.0 (Windows NT 10.0; Win64; x64) AppleWebKit/537.36 (KHTML, like Gecko) Chrome/142.0.0.0 Safari/537.36" ecoori.com 10.37.102.197
185.244.11.84 - - [14/Sep/2026:10:20:45 -0500] "GET /2025/03/spicules-transforming-skincare-with-natural-innovation/ HTTP/2.0" 200 58144 "-" "Mozilla/5.0 (iPhone; CPU iPhone OS 13_2_3 like Mac OS X) AppleWebKit/605.1.15 (KHTML, like Gecko) Version/13.0.3 Mobile/15E148 Safari/604.1" ecoori.com 10.37.102.197
203.78.174.46 - - [14/Sep/2026:10:20:46 -0500] "GET /wp-content/plugins/elementor/assets/js/section-frontend-handlers.d85ab872da118940910d.bundle.min.js HTTP/2.0" 200 269 "https://ecoori.com/2025/03/spicules-transforming-skincare-with-natural-innovation/" "Mozilla/5.0 (iPhone; CPU iPhone OS 13_2_3 like Mac OS X) AppleWebKit/605.1.15 (KHTML, like Gecko) Version/13.0.3 Mobile/15E148 Safari/604.1" ecoori.com 10.37.102.197
203.78.174.46 - - [14/Sep/2026:10:20:46 -0500] "GET /wp-content/plugins/elementor/assets/lib/dialog/dialog.min.js?ver=4.9.3 HTTP/2.0" 200 4595 "https://ecoori.com/2025/03/spicules-transforming-skincare-with-natural-innovation/" "Mozilla/5.0 (iPhone; CPU iPhone OS 13_2_3 like Mac OS X) AppleWebKit/605.1.15 (KHTML, like Gecko) Version/13.0.3 Mobile/15E148 Safari/604.1" ecoori.com 10.37.102.197
104.243.197.157 - - [14/Sep/2026:10:20:46 -0500] "GET /wp-content/plugins/ultimate-member/assets/js/um-responsive.min.js?ver=2.13.0 HTTP/2.0" 200 212 "https://ecoori.com/2025/03/spicules-transforming-skincare-with-natural-innovation/" "Mozilla/5.0 (Windows NT 10.0; Win64; x64) AppleWebKit/537.36 (KHTML, like Gecko) Chrome/140.0.0.0 Safari/537.36" ecoori.com 10.37.102.197
104.243.197.157 - - [14/Sep/2026:10:20:46 -0500] "GET /wp-content/plugins/ultimate-member/assets/js/um-functions.min.js?ver=2.13.0 HTTP/2.0" 200 4374 "https://ecoori.com/2025/03/spicules-transforming-skincare-with-natural-innovation/" "Mozilla/5.0 (Windows NT 10.0; Win64; x64) AppleWebKit/537.36 (KHTML, like Gecko) Chrome/140.0.0.0 Safari/537.36" ecoori.com 10.37.102.197
104.243.197.157 - - [14/Sep/2026:10:20:46 -0500] "GET /wp-content/plugins/ultimate-member/assets/js/um-profile.min.js?ver=2.13.0 HTTP/2.0" 200 1218 "https://ecoori.com/2025/03/spicules-transforming-skincare-with-natural-innovation/" "Mozilla/5.0 (Windows NT 10.0; Win64; x64) AppleWebKit/537.36 (KHTML, like Gecko) Chrome/140.0.0.0 Safari/537.36" ecoori.com 10.37.102.197
104.243.197.157 - - [14/Sep/2026:10:20:46 -0500] "GET /wp-content/plugins/ultimate-member/assets/libs/select2/i18n/en.js?ver=4.0.13 HTTP/2.0" 200 447 "https://ecoori.com/2025/03/spicules-transforming-skincare-with-natural-innovation/" "Mozilla/5.0 (Windows NT 10.0; Win64; x64) AppleWebKit/537.36 (KHTML, like Gecko) Chrome/140.0.0.0 Safari/537.36" ecoori.com 10.37.102.197
104.243.197.157 - - [14/Sep/2026:10:20:46 -0500] "GET /wp-content/plugins/ultimate-member/assets/js/um-conditional.min.js?ver=2.13.0 HTTP/2.0" 200 2900 "https://ecoori.com/2025/03/spicules-transforming-skincare-with-natural-innovation/" "Mozilla/5.0 (Windows NT 10.0; Win64; x64) AppleWebKit/537.36 (KHTML, like Gecko) Chrome/140.0.0.0 Safari/537.36" ecoori.com 10.37.102.197
104.243.197.157 - - [14/Sep/2026:10:20:46 -0500] "GET /wp-content/plugins/ultimate-member/assets/libs/raty/um-raty.min.js?ver=2.6.0 HTTP/2.0" 200 3473 "https://ecoori.com/2025/03/spicules-transforming-skincare-with-natural-innovation/" "Mozilla/5.0 (Windows NT 10.0; Win64; x64) AppleWebKit/537.36 (KHTML, like Gecko) Chrome/140.0.0.0 Safari/537.36" ecoori.com 10.37.102.197
104.243.197.157 - - [14/Sep/2026:10:20:46 -0500] "GET /wp-content/plugins/ultimate-member/assets/js/um-scripts.min.js?ver=2.13.0 HTTP/2.0" 200 4017 "https://ecoori.com/2025/03/spicules-transforming-skincare-with-natural-innovation/" "Mozilla/5.0 (Windows NT 10.0; Win64; x64) AppleWebKit/537.36 (KHTML, like Gecko) Chrome/140.0.0.0 Safari/537.36" ecoori.com 10.37.102.197
104.243.197.157 - - [14/Sep/2026:10:20:46 -0500] "GET /wp-content/plugins/ultimate-member/assets/libs/select2/select2.full.min.js?ver=4.0.13 HTTP/2.0" 200 28718 "https://ecoori.com/2025/03/spicules-transforming-skincare-with-natural-innovation/" "Mozilla/5.0 (Windows NT 10.0; Win64; x64) AppleWebKit/537.36 (KHTML, like Gecko) Chrome/140.0.0.0 Safari/537.36" ecoori.com 10.37.102.197
203.78.174.46 - - [14/Sep/2026:10:20:46 -0500] "GET /wp-content/plugins/elementor/assets/js/shared-frontend-handlers.03caa53373b56d3bab67.bundle.min.js HTTP/2.0" 200 3130 "https://ecoori.com/2025/03/spicules-transforming-skincare-with-natural-innovation/" "Mozilla/5.0 (iPhone; CPU iPhone OS 13_2_3 like Mac OS X) AppleWebKit/605.1.15 (KHTML, like Gecko) Version/13.0.3 Mobile/15E148 Safari/604.1" ecoori.com 10.37.102.197
203.78.174.46 - - [14/Sep/2026:10:20:46 -0500] "GET /wp-content/plugins/elementor-pro/assets/js/nav-menu.e65811186e94a386ba7b.bundle.min.js HTTP/2.0" 200 2008 "https://ecoori.com/2025/03/spicules-transforming-skincare-with-natural-innovation/" "Mozilla/5.0 (iPhone; CPU iPhone OS 13_2_3 like Mac OS X) AppleWebKit/605.1.15 (KHTML, like Gecko) Version/13.0.3 Mobile/15E148 Safari/604.1" ecoori.com 10.37.102.197
192.204.137.86 - - [14/Sep/2026:10:20:46 -0500] "GET /wp-content/plugins/ultimate-member/assets/libs/fileupload/jquery.uploadfile.min.js?ver=3.1.2 HTTP/2.0" 200 3871 "https://ecoori.com/2025/03/spicules-transforming-skincare-with-natural-innovation/" "Mozilla/5.0 (Windows NT 10.0; Win64; x64) AppleWebKit/537.36 (KHTML, like Gecko) Chrome/142.0.0.0 Safari/537.36" ecoori.com 10.37.102.197
192.204.137.86 - - [14/Sep/2026:10:20:46 -0500] "GET /wp-content/plugins/ultimate-member/assets/libs/jquery-form/jquery-form.min.js?ver=2.13.0 HTTP/2.0" 200 6314 "https://ecoori.com/2025/03/spicules-transforming-skincare-with-natural-innovation/" "Mozilla/5.0 (Windows NT 10.0; Win64; x64) AppleWebKit/537.36 (KHTML, like Gecko) Chrome/142.0.0.0 Safari/537.36" ecoori.com 10.37.102.197
185.152.37.164 - - [14/Sep/2026:10:20:46 -0500] "GET /wp-content/plugins/ultimate-member/assets/js/um-conditional.min.js?ver=2.13.0 HTTP/2.0" 200 2900 "https://ecoori.com/2025/03/spicules-transforming-skincare-with-natural-innovation/" "Mozilla/5.0 (Windows NT 10.0; Win64; x64) AppleWebKit/537.36 (KHTML, like Gecko) Chrome/142.0.0.0 Safari/537.36" ecoori.com 10.37.102.197
203.78.174.46 - - [14/Sep/2026:10:20:46 -0500] "GET /wp-content/plugins/elementor/assets/js/text-editor.45609661e409413f1cef.bundle.min.js HTTP/2.0" 200 656 "https://ecoori.com/2025/03/spicules-transforming-skincare-with-natural-innovation/" "Mozilla/5.0 (iPhone; CPU iPhone OS 13_2_3 like Mac OS X) AppleWebKit/605.1.15 (KHTML, like Gecko) Version/13.0.3 Mobile/15E148 Safari/604.1" ecoori.com 10.37.102.197
203.78.174.46 - - [14/Sep/2026:10:20:46 -0500] "GET /wp-content/plugins/elementor-pro/assets/js/form.c4bc7eaa69583834a7d5.bundle.min.js HTTP/2.0" 200 6610 "https://ecoori.com/2025/03/spicules-transforming-skincare-with-natural-innovation/" "Mozilla/5.0 (iPhone; CPU iPhone OS 13_2_3 like Mac OS X) AppleWebKit/605.1.15 (KHTML, like Gecko) Version/13.0.3 Mobile/15E148 Safari/604.1" ecoori.com 10.37.102.197
203.78.174.46 - - [14/Sep/2026:10:20:46 -0500] "GET /wp-content/plugins/elementor-pro/assets/js/portfolio.b5c5e89624dc6b81a11a.bundle.min.js HTTP/2.0" 200 2725 "https://ecoori.com/2025/03/spicules-transforming-skincare-with-natural-innovation/" "Mozilla/5.0 (iPhone; CPU iPhone OS 13_2_3 like Mac OS X) AppleWebKit/605.1.15 (KHTML, like Gecko) Version/13.0.3 Mobile/15E148 Safari/604.1" ecoori.com 10.37.102.197
203.78.174.46 - - [14/Sep/2026:10:20:46 -0500] "GET /wp-content/plugins/elementor-pro/assets/js/popup.085c1727e36940b18f29.bundle.min.js HTTP/2.0" 200 443 "https://ecoori.com/2025/03/spicules-transforming-skincare-with-natural-innovation/" "Mozilla/5.0 (iPhone; CPU iPhone OS 13_2_3 like Mac OS X) AppleWebKit/605.1.15 (KHTML, like Gecko) Version/13.0.3 Mobile/15E148 Safari/604.1" ecoori.com 10.37.102.197
82.97.196.127 - - [14/Sep/2026:10:20:45 -0500] "GET /wp-content/plugins/addon-elements-for-elementor-page-builder/assets/css/eae.min.css?ver=1.14.4 HTTP/2.0" 200 63786 "https://ecoori.com/2025/03/spicules-transforming-skincare-with-natural-innovation/" "Mozilla/5.0 (iPhone; CPU iPhone OS 13_2_3 like Mac OS X) AppleWebKit/605.1.15 (KHTML, like Gecko) Version/13.0.3 Mobile/15E148 Safari/604.1" ecoori.com 10.37.102.197
82.97.196.127 - - [14/Sep/2026:10:20:45 -0500] "GET /wp-content/plugins/elementor/assets/lib/font-awesome/css/v4-shims.min.css?ver=1.0 HTTP/2.0" 200 4436 "https://ecoori.com/2025/03/spicules-transforming-skincare-with-natural-innovation/" "Mozilla/5.0 (iPhone; CPU iPhone OS 13_2_3 like Mac OS X) AppleWebKit/605.1.15 (KHTML, like Gecko) Version/13.0.3 Mobile/15E148 Safari/604.1" ecoori.com 10.37.102.197
82.97.196.127 - - [14/Sep/2026:10:20:45 -0500] "GET /wp-includes/css/dashicons.min.css?ver=7.1 HTTP/2.0" 200 35614 "https://ecoori.com/2025/03/spicules-transforming-skincare-with-natural-innovation/" "Mozilla/5.0 (iPhone; CPU iPhone OS 13_2_3 like Mac OS X) AppleWebKit/605.1.15 (KHTML, like Gecko) Version/13.0.3 Mobile/15E148 Safari/604.1" ecoori.com 10.37.102.197
82.97.196.127 - - [14/Sep/2026:10:20:45 -0500] "GET /wp-content/plugins/elementor/assets/css/frontend.min.css?ver=4.0.5 HTTP/2.0" 200 10145 "https://ecoori.com/2025/03/spicules-transforming-skincare-with-natural-innovation/" "Mozilla/5.0 (iPhone; CPU iPhone OS 13_2_3 like Mac OS X) AppleWebKit/605.1.15 (KHTML, like Gecko) Version/13.0.3 Mobile/15E148 Safari/604.1" ecoori.com 10.37.102.197
82.97.196.127 - - [14/Sep/2026:10:20:45 -0500] "GET /wp-content/plugins/elementor/assets/lib/font-awesome/css/fontawesome.min.css?ver=5.15.3 HTTP/2.0" 200 12618 "https://ecoori.com/2025/03/spicules-transforming-skincare-with-natural-innovation/" "Mozilla/5.0 (iPhone; CPU iPhone OS 13_2_3 like Mac OS X) AppleWebKit/605.1.15 (KHTML, like Gecko) Version/13.0.3 Mobile/15E148 Safari/604.1" ecoori.com 10.37.102.197
82.97.196.127 - - [14/Sep/2026:10:20:45 -0500] "GET /wp-content/plugins/ultimate-member/assets/css/um-fontawesome.min.css?ver=6.5.2 HTTP/2.0" 200 42946 "https://ecoori.com/2025/03/spicules-transforming-skincare-with-natural-innovation/" "Mozilla/5.0 (iPhone; CPU iPhone OS 13_2_3 like Mac OS X) AppleWebKit/605.1.15 (KHTML, like Gecko) Version/13.0.3 Mobile/15E148 Safari/604.1" ecoori.com 10.37.102.197
82.97.196.127 - - [14/Sep/2026:10:20:45 -0500] "GET /wp-content/plugins/ultimate-member/assets/libs/pickadate/default.date.min.css?ver=3.6.2 HTTP/2.0" 200 1003 "https://ecoori.com/2025/03/spicules-transforming-skincare-with-natural-innovation/" "Mozilla/5.0 (iPhone; CPU iPhone OS 13_2_3 like Mac OS X) AppleWebKit/605.1.15 (KHTML, like Gecko) Version/13.0.3 Mobile/15E148 Safari/604.1" ecoori.com 10.37.102.197
82.97.196.127 - - [14/Sep/2026:10:20:45 -0500] "GET /wp-content/plugins/ultimate-member/assets/libs/legacy/fonticons/fonticons-ii.min.css?ver=2.13.0 HTTP/2.0" 200 5443 "https://ecoori.com/2025/03/spicules-transforming-skincare-with-natural-innovation/" "Mozilla/5.0 (iPhone; CPU iPhone OS 13_2_3 like Mac OS X) AppleWebKit/605.1.15 (KHTML, like Gecko) Version/13.0.3 Mobile/15E148 Safari/604.1" ecoori.com 10.37.102.197
82.97.196.127 - - [14/Sep/2026:10:20:45 -0500] "GET /wp-content/plugins/ultimate-member/assets/css/um-profile.min.css?ver=2.13.0 HTTP/2.0" 200 2347 "https://ecoori.com/2025/03/spicules-transforming-skincare-with-natural-innovation/" "Mozilla/5.0 (iPhone; CPU iPhone OS 13_2_3 like Mac OS X) AppleWebKit/605.1.15 (KHTML, like Gecko) Version/13.0.3 Mobile/15E148 Safari/604.1" ecoori.com 10.37.102.197
82.97.196.127 - - [14/Sep/2026:10:20:45 -0500] "GET /wp-content/plugins/ultimate-member/assets/css/um-old-default.min.css?ver=2.13.0 HTTP/2.0" 200 1209 "https://ecoori.com/2025/03/spicules-transforming-skincare-with-natural-innovation/" "Mozilla/5.0 (iPhone; CPU iPhone OS 13_2_3 like Mac OS X) AppleWebKit/605.1.15 (KHTML, like Gecko) Version/13.0.3 Mobile/15E148 Safari/604.1" ecoori.com 10.37.102.197
82.97.196.127 - - [14/Sep/2026:10:20:45 -0500] "GET /wp-content/plugins/ultimate-member/assets/css/um-account.min.css?ver=2.13.0 HTTP/2.0" 200 1140 "https://ecoori.com/2025/03/spicules-transforming-skincare-with-natural-innovation/" "Mozilla/5.0 (iPhone; CPU iPhone OS 13_2_3 like Mac OS X) AppleWebKit/605.1.15 (KHTML, like Gecko) Version/13.0.3 Mobile/15E148 Safari/604.1" ecoori.com 10.37.102.197
82.97.196.127 - - [14/Sep/2026:10:20:45 -0500] "GET /wp-content/plugins/the-events-calendar/build/css/tribe-events-single-skeleton.css?ver=6.15.13 HTTP/2.0" 200 4241 "https://ecoori.com/2025/03/spicules-transforming-skincare-with-natural-innovation/" "Mozilla/5.0 (iPhone; CPU iPhone OS 13_2_3 like Mac OS X) AppleWebKit/605.1.15 (KHTML, like Gecko) Version/13.0.3 Mobile/15E148 Safari/604.1" ecoori.com 10.37.102.197
82.97.196.127 - - [14/Sep/2026:10:20:45 -0500] "GET /wp-content/plugins/table-addons-for-elementor/public/css/table-addons-for-elementor-public.css?ver=2.1.3 HTTP/2.0" 200 905 "https://ecoori.com/2025/03/spicules-transforming-skincare-with-natural-innovation/" "Mozilla/5.0 (iPhone; CPU iPhone OS 13_2_3 like Mac OS X) AppleWebKit/605.1.15 (KHTML, like Gecko) Version/13.0.3 Mobile/15E148 Safari/604.1" ecoori.com 10.37.102.197
82.97.196.127 - - [14/Sep/2026:10:20:45 -0500] "GET /wp-content/plugins/the-events-calendar/build/css/tribe-events-single-full.css?ver=6.15.13 HTTP/2.0" 200 4682 "https://ecoori.com/2025/03/spicules-transforming-skincare-with-natural-innovation/" "Mozilla/5.0 (iPhone; CPU iPhone OS 13_2_3 like Mac OS X) AppleWebKit/605.1.15 (KHTML, like Gecko) Version/13.0.3 Mobile/15E148 Safari/604.1" ecoori.com 10.37.102.197
82.97.196.127 - - [14/Sep/2026:10:20:45 -0500] "GET /wp-content/plugins/translatepress-multilingual/assets/css/trp-floater-language-switcher.css?ver=3.2.6 HTTP/2.0" 200 3038 "https://ecoori.com/2025/03/spicules-transforming-skincare-with-natural-innovation/" "Mozilla/5.0 (iPhone; CPU iPhone OS 13_2_3 like Mac OS X) AppleWebKit/605.1.15 (KHTML, like Gecko) Version/13.0.3 Mobile/15E148 Safari/604.1" ecoori.com 10.37.102.197
82.97.196.127 - - [14/Sep/2026:10:20:45 -0500] "GET /wp-content/plugins/addon-elements-for-elementor-page-builder/assets/js/iconHelper.js?ver=1.0 HTTP/2.0" 200 1204 "https://ecoori.com/2025/03/spicules-transforming-skincare-with-natural-innovation/" "Mozilla/5.0 (iPhone; CPU iPhone OS 13_2_3 like Mac OS X) AppleWebKit/605.1.15 (KHTML, like Gecko) Version/13.0.3 Mobile/15E148 Safari/604.1" ecoori.com 10.37.102.197
82.97.196.127 - - [14/Sep/2026:10:20:45 -0500] "GET /wp-content/plugins/ultimate-member/assets/js/um-gdpr.min.js?ver=2.13.0 HTTP/2.0" 200 240 "https://ecoori.com/2025/03/spicules-transforming-skincare-with-natural-innovation/" "Mozilla/5.0 (iPhone; CPU iPhone OS 13_2_3 like Mac OS X) AppleWebKit/605.1.15 (KHTML, like Gecko) Version/13.0.3 Mobile/15E148 Safari/604.1" ecoori.com 10.37.102.197
82.97.196.127 - - [14/Sep/2026:10:20:45 -0500] "GET /wp-includes/js/jquery/jquery-migrate.min.js?ver=3.4.1 HTTP/2.0" 200 5422 "https://ecoori.com/2025/03/spicules-transforming-skincare-with-natural-innovation/" "Mozilla/5.0 (iPhone; CPU iPhone OS 13_2_3 like Mac OS X) AppleWebKit/605.1.15 (KHTML, like Gecko) Version/13.0.3 Mobile/15E148 Safari/604.1" ecoori.com 10.37.102.197
82.97.196.127 - - [14/Sep/2026:10:20:45 -0500] "GET /wp-includes/js/jquery/jquery.min.js?ver=3.7.1 HTTP/2.0" 200 38349 "https://ecoori.com/2025/03/spicules-transforming-skincare-with-natural-innovation/" "Mozilla/5.0 (iPhone; CPU iPhone OS 13_2_3 like Mac OS X) AppleWebKit/605.1.15 (KHTML, like Gecko) Version/13.0.3 Mobile/15E148 Safari/604.1" ecoori.com 10.37.102.197
82.97.196.127 - - [14/Sep/2026:10:20:45 -0500] "GET /wp-content/plugins/elementor/assets/css/conditionals/apple-webkit.min.css?ver=4.0.5 HTTP/2.0" 200 830 "https://ecoori.com/2025/03/spicules-transforming-skincare-with-natural-innovation/" "Mozilla/5.0 (iPhone; CPU iPhone OS 13_2_3 like Mac OS X) AppleWebKit/605.1.15 (KHTML, like Gecko) Version/13.0.3 Mobile/15E148 Safari/604.1" ecoori.com 10.37.102.197
82.97.196.127 - - [14/Sep/2026:10:20:45 -0500] "GET /wp-content/plugins/elementor/assets/css/widget-icon-list.min.css?ver=4.0.5 HTTP/2.0" 200 1460 "https://ecoori.com/2025/03/spicules-transforming-skincare-with-natural-innovation/" "Mozilla/5.0 (iPhone; CPU iPhone OS 13_2_3 like Mac OS X) AppleWebKit/605.1.15 (KHTML, like Gecko) Version/13.0.3 Mobile/15E148 Safari/604.1" ecoori.com 10.37.102.197
82.97.196.127 - - [14/Sep/2026:10:20:45 -0500] "GET /wp-content/plugins/elementor-pro/assets/css/frontend.min.css?ver=3.23.3 HTTP/2.0" 200 73121 "https://ecoori.com/2025/03/spicules-transforming-skincare-with-natural-innovation/" "Mozilla/5.0 (iPhone; CPU iPhone OS 13_2_3 like Mac OS X) AppleWebKit/605.1.15 (KHTML, like Gecko) Version/13.0.3 Mobile/15E148 Safari/604.1" ecoori.com 10.37.102.197
185.152.37.164 - - [14/Sep/2026:10:20:46 -0500] "GET /wp-content/plugins/ultimate-member/assets/libs/select2/i18n/en.js?ver=4.0.13 HTTP/2.0" 200 447 "https://ecoori.com/2025/03/spicules-transforming-skincare-with-natural-innovation/" "Mozilla/5.0 (Windows NT 10.0; Win64; x64) AppleWebKit/537.36 (KHTML, like Gecko) Chrome/142.0.0.0 Safari/537.36" ecoori.com 10.37.102.197
49.36.191.215 - - [14/Sep/2026:10:20:45 -0500] "GET /2025/03/spicules-transforming-skincare-with-natural-innovation/ HTTP/2.0" 200 58144 "-" "Mozilla/5.0 (iPhone; CPU iPhone OS 13_2_3 like Mac OS X) AppleWebKit/605.1.15 (KHTML, like Gecko) Version/13.0.3 Mobile/15E148 Safari/604.1" ecoori.com 10.37.102.197
185.152.37.164 - - [14/Sep/2026:10:20:46 -0500] "GET /wp-content/plugins/ultimate-member/assets/js/um-profile.min.js?ver=2.13.0 HTTP/2.0" 200 1218 "https://ecoori.com/2025/03/spicules-transforming-skincare-with-natural-innovation/" "Mozilla/5.0 (Windows NT 10.0; Win64; x64) AppleWebKit/537.36 (KHTML, like Gecko) Chrome/142.0.0.0 Safari/537.36" ecoori.com 10.37.102.197
185.152.37.164 - - [14/Sep/2026:10:20:46 -0500] "GET /wp-content/plugins/ultimate-member/assets/libs/raty/um-raty.min.js?ver=2.6.0 HTTP/2.0" 200 3473 "https://ecoori.com/2025/03/spicules-transforming-skincare-with-natural-innovation/" "Mozilla/5.0 (Windows NT 10.0; Win64; x64) AppleWebKit/537.36 (KHTML, like Gecko) Chrome/142.0.0.0 Safari/537.36" ecoori.com 10.37.102.197
185.152.37.164 - - [14/Sep/2026:10:20:46 -0500] "GET /wp-content/plugins/ultimate-member/assets/libs/select2/select2.full.min.js?ver=4.0.13 HTTP/2.0" 200 28718 "https://ecoori.com/2025/03/spicules-transforming-skincare-with-natural-innovation/" "Mozilla/5.0 (Windows NT 10.0; Win64; x64) AppleWebKit/537.36 (KHTML, like Gecko) Chrome/142.0.0.0 Safari/537.36" ecoori.com 10.37.102.197
45.80.164.67 - - [14/Sep/2026:10:20:46 -0500] "GET /wp-content/plugins/elementor/assets/lib/dialog/dialog.min.js?ver=4.9.3 HTTP/2.0" 200 4595 "https://ecoori.com/2025/03/spicules-transforming-skincare-with-natural-innovation/" "Mozilla/5.0 (iPhone; CPU iPhone OS 13_2_3 like Mac OS X) AppleWebKit/605.1.15 (KHTML, like Gecko) Version/13.0.3 Mobile/15E148 Safari/604.1" ecoori.com 10.37.102.197
192.144.88.147 - - [14/Sep/2026:10:20:46 -0500] "GET /wp-content/plugins/elementor/assets/css/widget-icon-list.min.css?ver=4.0.5 HTTP/2.0" 200 1460 "https://ecoori.com/2025/03/spicules-transforming-skincare-with-natural-innovation/" "Mozilla/5.0 (iPhone; CPU iPhone OS 13_2_3 like Mac OS X) AppleWebKit/605.1.15 (KHTML, like Gecko) Version/13.0.3 Mobile/15E148 Safari/604.1" ecoori.com 10.37.102.197
192.204.137.86 - - [14/Sep/2026:10:20:46 -0500] "GET /wp-content/plugins/ultimate-member/assets/js/um-responsive.min.js?ver=2.13.0 HTTP/2.0" 200 212 "https://ecoori.com/2025/03/spicules-transforming-skincare-with-natural-innovation/" "Mozilla/5.0 (Windows NT 10.0; Win64; x64) AppleWebKit/537.36 (KHTML, like Gecko) Chrome/142.0.0.0 Safari/537.36" ecoori.com 10.37.102.197
192.204.137.86 - - [14/Sep/2026:10:20:46 -0500] "GET /wp-content/plugins/ultimate-member/assets/js/um-profile.min.js?ver=2.13.0 HTTP/2.0" 200 1218 "https://ecoori.com/2025/03/spicules-transforming-skincare-with-natural-innovation/" "Mozilla/5.0 (Windows NT 10.0; Win64; x64) AppleWebKit/537.36 (KHTML, like Gecko) Chrome/142.0.0.0 Safari/537.36" ecoori.com 10.37.102.197
192.204.137.86 - - [14/Sep/2026:10:20:46 -0500] "GET /wp-content/plugins/ultimate-member/assets/libs/select2/select2.full.min.js?ver=4.0.13 HTTP/2.0" 200 28718 "https://ecoori.com/2025/03/spicules-transforming-skincare-with-natural-innovation/" "Mozilla/5.0 (Windows NT 10.0; Win64; x64) AppleWebKit/537.36 (KHTML, like Gecko) Chrome/142.0.0.0 Safari/537.36" ecoori.com 10.37.102.197
45.80.164.67 - - [14/Sep/2026:10:20:46 -0500] "GET /wp-content/plugins/elementor/assets/js/shared-frontend-handlers.03caa53373b56d3bab67.bundle.min.js HTTP/2.0" 200 3130 "https://ecoori.com/2025/03/spicules-transforming-skincare-with-natural-innovation/" "Mozilla/5.0 (iPhone; CPU iPhone OS 13_2_3 like Mac OS X) AppleWebKit/605.1.15 (KHTML, like Gecko) Version/13.0.3 Mobile/15E148 Safari/604.1" ecoori.com 10.37.102.197
192.204.137.168 - - [14/Sep/2026:10:20:46 -0500] "GET /wp-content/plugins/elementor/assets/lib/dialog/dialog.min.js?ver=4.9.3 HTTP/2.0" 200 4595 "https://ecoori.com/2025/03/spicules-transforming-skincare-with-natural-innovation/" "Mozilla/5.0 (iPhone; CPU iPhone OS 13_2_3 like Mac OS X) AppleWebKit/605.1.15 (KHTML, like Gecko) Version/13.0.3 Mobile/15E148 Safari/604.1" ecoori.com 10.37.102.197
45.80.164.67 - - [14/Sep/2026:10:20:46 -0500] "GET /wp-content/plugins/elementor-pro/assets/js/nav-menu.e65811186e94a386ba7b.bundle.min.js HTTP/2.0" 200 2008 "https://ecoori.com/2025/03/spicules-transforming-skincare-with-natural-innovation/" "Mozilla/5.0 (iPhone; CPU iPhone OS 13_2_3 like Mac OS X) AppleWebKit/605.1.15 (KHTML, like Gecko) Version/13.0.3 Mobile/15E148 Safari/604.1" ecoori.com 10.37.102.197
104.243.197.157 - - [14/Sep/2026:10:20:46 -0500] "GET /wp-content/plugins/ultimate-member/assets/js/um-account.min.js?ver=2.13.0 HTTP/2.0" 200 1048 "https://ecoori.com/2025/03/spicules-transforming-skincare-with-natural-innovation/" "Mozilla/5.0 (Windows NT 10.0; Win64; x64) AppleWebKit/537.36 (KHTML, like Gecko) Chrome/140.0.0.0 Safari/537.36" ecoori.com 10.37.102.197
45.80.164.67 - - [14/Sep/2026:10:20:46 -0500] "GET /wp-content/plugins/elementor/assets/js/text-editor.45609661e409413f1cef.bundle.min.js HTTP/2.0" 200 656 "https://ecoori.com/2025/03/spicules-transforming-skincare-with-natural-innovation/" "Mozilla/5.0 (iPhone; CPU iPhone OS 13_2_3 like Mac OS X) AppleWebKit/605.1.15 (KHTML, like Gecko) Version/13.0.3 Mobile/15E148 Safari/604.1" ecoori.com 10.37.102.197
45.80.164.67 - - [14/Sep/2026:10:20:46 -0500] "GET /wp-content/plugins/elementor-pro/assets/js/portfolio.b5c5e89624dc6b81a11a.bundle.min.js HTTP/2.0" 200 2725 "https://ecoori.com/2025/03/spicules-transforming-skincare-with-natural-innovation/" "Mozilla/5.0 (iPhone; CPU iPhone OS 13_2_3 like Mac OS X) AppleWebKit/605.1.15 (KHTML, like Gecko) Version/13.0.3 Mobile/15E148 Safari/604.1" ecoori.com 10.37.102.197
192.204.137.86 - - [14/Sep/2026:10:20:46 -0500] "GET /wp-content/plugins/ultimate-member/assets/js/um-scripts.min.js?ver=2.13.0 HTTP/2.0" 200 4017 "https://ecoori.com/2025/03/spicules-transforming-skincare-with-natural-innovation/" "Mozilla/5.0 (Windows NT 10.0; Win64; x64) AppleWebKit/537.36 (KHTML, like Gecko) Chrome/142.0.0.0 Safari/537.36" ecoori.com 10.37.102.197
192.204.137.86 - - [14/Sep/2026:10:20:46 -0500] "GET /wp-content/plugins/ultimate-member/assets/js/um-account.min.js?ver=2.13.0 HTTP/2.0" 200 1048 "https://ecoori.com/2025/03/spicules-transforming-skincare-with-natural-innovation/" "Mozilla/5.0 (Windows NT 10.0; Win64; x64) AppleWebKit/537.36 (KHTML, like Gecko) Chrome/142.0.0.0 Safari/537.36" ecoori.com 10.37.102.197
45.80.164.67 - - [14/Sep/2026:10:20:46 -0500] "GET /wp-content/plugins/elementor-pro/assets/js/form.c4bc7eaa69583834a7d5.bundle.min.js HTTP/2.0" 200 6610 "https://ecoori.com/2025/03/spicules-transforming-skincare-with-natural-innovation/" "Mozilla/5.0 (iPhone; CPU iPhone OS 13_2_3 like Mac OS X) AppleWebKit/605.1.15 (KHTML, like Gecko) Version/13.0.3 Mobile/15E148 Safari/604.1" ecoori.com 10.37.102.197
45.80.164.67 - - [14/Sep/2026:10:20:46 -0500] "GET /wp-content/plugins/elementor-pro/assets/js/popup.085c1727e36940b18f29.bundle.min.js HTTP/2.0" 200 443 "https://ecoori.com/2025/03/spicules-transforming-skincare-with-natural-innovation/" "Mozilla/5.0 (iPhone; CPU iPhone OS 13_2_3 like Mac OS X) AppleWebKit/605.1.15 (KHTML, like Gecko) Version/13.0.3 Mobile/15E148 Safari/604.1" ecoori.com 10.37.102.197
82.97.196.127 - - [14/Sep/2026:10:20:46 -0500] "GET /wp-content/plugins/elementor/assets/lib/animations/styles/fadeIn.min.css?ver=4.0.5 HTTP/2.0" 200 79 "https://ecoori.com/2025/03/spicules-transforming-skincare-with-natural-innovation/" "Mozilla/5.0 (iPhone; CPU iPhone OS 13_2_3 like Mac OS X) AppleWebKit/605.1.15 (KHTML, like Gecko) Version/13.0.3 Mobile/15E148 Safari/604.1" ecoori.com 10.37.102.197
185.152.37.164 - - [14/Sep/2026:10:20:46 -0500] "GET /wp-content/plugins/ultimate-member/assets/js/um-scripts.min.js?ver=2.13.0 HTTP/2.0" 200 4017 "https://ecoori.com/2025/03/spicules-transforming-skincare-with-natural-innovation/" "Mozilla/5.0 (Windows NT 10.0; Win64; x64) AppleWebKit/537.36 (KHTML, like Gecko) Chrome/142.0.0.0 Safari/537.36" ecoori.com 10.37.102.197
185.152.37.164 - - [14/Sep/2026:10:20:47 -0500] "GET /wp-content/plugins/ultimate-member/assets/js/um-account.min.js?ver=2.13.0 HTTP/2.0" 200 1048 "https://ecoori.com/2025/03/spicules-transforming-skincare-with-natural-innovation/" "Mozilla/5.0 (Windows NT 10.0; Win64; x64) AppleWebKit/537.36 (KHTML, like Gecko) Chrome/142.0.0.0 Safari/537.36" ecoori.com 10.37.102.197
192.144.88.147 - - [14/Sep/2026:10:20:47 -0500] "GET /wp-content/plugins/elementor/assets/css/widget-social-icons.min.css?ver=4.0.5 HTTP/2.0" 200 1126 "https://ecoori.com/2025/03/spicules-transforming-skincare-with-natural-innovation/" "Mozilla/5.0 (iPhone; CPU iPhone OS 13_2_3 like Mac OS X) AppleWebKit/605.1.15 (KHTML, like Gecko) Version/13.0.3 Mobile/15E148 Safari/604.1" ecoori.com 10.37.102.197
192.144.88.147 - - [14/Sep/2026:10:20:47 -0500] "GET /wp-content/plugins/elementor/assets/css/conditionals/apple-webkit.min.css?ver=4.0.5 HTTP/2.0" 200 830 "https://ecoori.com/2025/03/spicules-transforming-skincare-with-natural-innovation/" "Mozilla/5.0 (iPhone; CPU iPhone OS 13_2_3 like Mac OS X) AppleWebKit/605.1.15 (KHTML, like Gecko) Version/13.0.3 Mobile/15E148 Safari/604.1" ecoori.com 10.37.102.197
192.144.88.147 - - [14/Sep/2026:10:20:47 -0500] "GET /wp-content/plugins/elementor/assets/lib/animations/styles/fadeIn.min.css?ver=4.0.5 HTTP/2.0" 200 79 "https://ecoori.com/2025/03/spicules-transforming-skincare-with-natural-innovation/" "Mozilla/5.0 (iPhone; CPU iPhone OS 13_2_3 like Mac OS X) AppleWebKit/605.1.15 (KHTML, like Gecko) Version/13.0.3 Mobile/15E148 Safari/604.1" ecoori.com 10.37.102.197
192.144.88.147 - - [14/Sep/2026:10:20:47 -0500] "GET /wp-content/plugins/the-events-calendar/common/build/js/user-agent.js?ver=da75d0bdea6dde3898df HTTP/2.0" 200 206 "https://ecoori.com/2025/03/spicules-transforming-skincare-with-natural-innovation/" "Mozilla/5.0 (iPhone; CPU iPhone OS 13_2_3 like Mac OS X) AppleWebKit/605.1.15 (KHTML, like Gecko) Version/13.0.3 Mobile/15E148 Safari/604.1" ecoori.com 10.37.102.197
192.144.88.147 - - [14/Sep/2026:10:20:47 -0500] "GET /wp-content/themes/astra/assets/js/minified/frontend.min.js?ver=3.6.0 HTTP/2.0" 200 5621 "https://ecoori.com/2025/03/spicules-transforming-skincare-with-natural-innovation/" "Mozilla/5.0 (iPhone; CPU iPhone OS 13_2_3 like Mac OS X) AppleWebKit/605.1.15 (KHTML, like Gecko) Version/13.0.3 Mobile/15E148 Safari/604.1" ecoori.com 10.37.102.197
192.144.88.147 - - [14/Sep/2026:10:20:47 -0500] "GET /wp-content/plugins/addon-elements-for-elementor-page-builder/assets/js/eae.min.js?ver=1.14.4 HTTP/2.0" 200 20717 "https://ecoori.com/2025/03/spicules-transforming-skincare-with-natural-innovation/" "Mozilla/5.0 (iPhone; CPU iPhone OS 13_2_3 like Mac OS X) AppleWebKit/605.1.15 (KHTML, like Gecko) Version/13.0.3 Mobile/15E148 Safari/604.1" ecoori.com 10.37.102.197
192.204.137.86 - - [14/Sep/2026:10:20:47 -0500] "GET /wp-content/plugins/ultimate-member/assets/libs/select2/i18n/en.js?ver=4.0.13 HTTP/2.0" 200 447 "https://ecoori.com/2025/03/spicules-transforming-skincare-with-natural-innovation/" "Mozilla/5.0 (Windows NT 10.0; Win64; x64) AppleWebKit/537.36 (KHTML, like Gecko) Chrome/142.0.0.0 Safari/537.36" ecoori.com 10.37.102.197
192.204.137.86 - - [14/Sep/2026:10:20:47 -0500] "GET /wp-content/plugins/ultimate-member/assets/libs/cropper/cropper.min.js?ver=1.6.1 HTTP/2.0" 200 14454 "https://ecoori.com/2025/03/spicules-transforming-skincare-with-natural-innovation/" "Mozilla/5.0 (Windows NT 10.0; Win64; x64) AppleWebKit/537.36 (KHTML, like Gecko) Chrome/142.0.0.0 Safari/537.36" ecoori.com 10.37.102.197
192.144.88.147 - - [14/Sep/2026:10:20:47 -0500] "GET /wp-content/plugins/addon-elements-for-elementor-page-builder/assets/js/particles.min.js?ver=2.0.0 HTTP/2.0" 200 7359 "https://ecoori.com/2025/03/spicules-transforming-skincare-with-natural-innovation/" "Mozilla/5.0 (iPhone; CPU iPhone OS 13_2_3 like Mac OS X) AppleWebKit/605.1.15 (KHTML, like Gecko) Version/13.0.3 Mobile/15E148 Safari/604.1" ecoori.com 10.37.102.197
192.144.88.147 - - [14/Sep/2026:10:20:47 -0500] "GET /wp-content/plugins/addon-elements-for-elementor-page-builder/assets/js/animated-main.min.js?ver=1.0 HTTP/2.0" 200 760 "https://ecoori.com/2025/03/spicules-transforming-skincare-with-natural-innovation/" "Mozilla/5.0 (iPhone; CPU iPhone OS 13_2_3 like Mac OS X) AppleWebKit/605.1.15 (KHTML, like Gecko) Version/13.0.3 Mobile/15E148 Safari/604.1" ecoori.com 10.37.102.197
192.144.88.147 - - [14/Sep/2026:10:20:47 -0500] "GET /wp-content/plugins/elementor/assets/lib/font-awesome/js/v4-shims.min.js?ver=1.0 HTTP/2.0" 200 4366 "https://ecoori.com/2025/03/spicules-transforming-skincare-with-natural-innovation/" "Mozilla/5.0 (iPhone; CPU iPhone OS 13_2_3 like Mac OS X) AppleWebKit/605.1.15 (KHTML, like Gecko) Version/13.0.3 Mobile/15E148 Safari/604.1" ecoori.com 10.37.102.197
192.144.88.147 - - [14/Sep/2026:10:20:47 -0500] "GET /wp-content/plugins/addon-elements-for-elementor-page-builder/build/index.min.js?ver=1.14.4 HTTP/2.0" 200 31850 "https://ecoori.com/2025/03/spicules-transforming-skincare-with-natural-innovation/" "Mozilla/5.0 (iPhone; CPU iPhone OS 13_2_3 like Mac OS X) AppleWebKit/605.1.15 (KHTML, like Gecko) Version/13.0.3 Mobile/15E148 Safari/604.1" ecoori.com 10.37.102.197
192.144.88.147 - - [14/Sep/2026:10:20:47 -0500] "GET /wp-content/plugins/addon-elements-for-elementor-page-builder/assets/lib/magnific.min.js?ver=1.1.0 HTTP/2.0" 200 9000 "https://ecoori.com/2025/03/spicules-transforming-skincare-with-natural-innovation/" "Mozilla/5.0 (iPhone; CPU iPhone OS 13_2_3 like Mac OS X) AppleWebKit/605.1.15 (KHTML, like Gecko) Version/13.0.3 Mobile/15E148 Safari/604.1" ecoori.com 10.37.102.197
192.144.88.147 - - [14/Sep/2026:10:20:47 -0500] "GET /wp-content/plugins/addon-elements-for-elementor-page-builder/assets/lib/vegas/vegas.min.js?ver=2.4.0 HTTP/2.0" 200 3638 "https://ecoori.com/2025/03/spicules-transforming-skincare-with-natural-innovation/" "Mozilla/5.0 (iPhone; CPU iPhone OS 13_2_3 like Mac OS X) AppleWebKit/605.1.15 (KHTML, like Gecko) Version/13.0.3 Mobile/15E148 Safari/604.1" ecoori.com 10.37.102.197
192.144.88.147 - - [14/Sep/2026:10:20:47 -0500] "GET /wp-content/plugins/download-monitor/assets/js/dlm-xhr.min.js?ver=5.1.8 HTTP/2.0" 200 4520 "https://ecoori.com/2025/03/spicules-transforming-skincare-with-natural-innovation/" "Mozilla/5.0 (iPhone; CPU iPhone OS 13_2_3 like Mac OS X) AppleWebKit/605.1.15 (KHTML, like Gecko) Version/13.0.3 Mobile/15E148 Safari/604.1" ecoori.com 10.37.102.197
192.144.88.147 - - [14/Sep/2026:10:20:47 -0500] "GET /wp-content/plugins/elementor/assets/js/webpack.runtime.min.js?ver=4.0.5 HTTP/2.0" 200 2642 "https://ecoori.com/2025/03/spicules-transforming-skincare-with-natural-innovation/" "Mozilla/5.0 (iPhone; CPU iPhone OS 13_2_3 like Mac OS X) AppleWebKit/605.1.15 (KHTML, like Gecko) Version/13.0.3 Mobile/15E148 Safari/604.1" ecoori.com 10.37.102.197
192.144.88.147 - - [14/Sep/2026:10:20:47 -0500] "GET /wp-content/plugins/the-events-calendar/common/build/js/underscore-before.js HTTP/2.0" 200 222 "https://ecoori.com/2025/03/spicules-transforming-skincare-with-natural-innovation/" "Mozilla/5.0 (iPhone; CPU iPhone OS 13_2_3 like Mac OS X) AppleWebKit/605.1.15 (KHTML, like Gecko) Version/13.0.3 Mobile/15E148 Safari/604.1" ecoori.com 10.37.102.197
192.144.88.147 - - [14/Sep/2026:10:20:47 -0500] "GET /wp-content/plugins/the-events-calendar/common/build/js/underscore-after.js HTTP/2.0" 200 136 "https://ecoori.com/2025/03/spicules-transforming-skincare-with-natural-innovation/" "Mozilla/5.0 (iPhone; CPU iPhone OS 13_2_3 like Mac OS X) AppleWebKit/605.1.15 (KHTML, like Gecko) Version/13.0.3 Mobile/15E148 Safari/604.1" ecoori.com 10.37.102.197
192.144.88.147 - - [14/Sep/2026:10:20:47 -0500] "GET /wp-includes/js/wp-util.min.js?ver=7.1 HTTP/2.0" 200 758 "https://ecoori.com/2025/03/spicules-transforming-skincare-with-natural-innovation/" "Mozilla/5.0 (iPhone; CPU iPhone OS 13_2_3 like Mac OS X) AppleWebKit/605.1.15 (KHTML, like Gecko) Version/13.0.3 Mobile/15E148 Safari/604.1" ecoori.com 10.37.102.197
192.144.88.147 - - [14/Sep/2026:10:20:47 -0500] "GET /wp-includes/js/dist/hooks.min.js?ver=f0f188028580e8dc1255 HTTP/2.0" 200 1932 "https://ecoori.com/2025/03/spicules-transforming-skincare-with-natural-innovation/" "Mozilla/5.0 (iPhone; CPU iPhone OS 13_2_3 like Mac OS X) AppleWebKit/605.1.15 (KHTML, like Gecko) Version/13.0.3 Mobile/15E148 Safari/604.1" ecoori.com 10.37.102.197
192.144.88.147 - - [14/Sep/2026:10:20:47 -0500] "GET /wp-includes/js/jquery/ui/core.min.js?ver=1.14.2 HTTP/2.0" 200 7615 "https://ecoori.com/2025/03/spicules-transforming-skincare-with-natural-innovation/" "Mozilla/5.0 (iPhone; CPU iPhone OS 13_2_3 like Mac OS X) AppleWebKit/605.1.15 (KHTML, like Gecko) Version/13.0.3 Mobile/15E148 Safari/604.1" ecoori.com 10.37.102.197
192.144.88.147 - - [14/Sep/2026:10:20:47 -0500] "GET /wp-content/plugins/elementor/assets/js/frontend-modules.min.js?ver=4.0.5 HTTP/2.0" 200 21047 "https://ecoori.com/2025/03/spicules-transforming-skincare-with-natural-innovation/" "Mozilla/5.0 (iPhone; CPU iPhone OS 13_2_3 like Mac OS X) AppleWebKit/605.1.15 (KHTML, like Gecko) Version/13.0.3 Mobile/15E148 Safari/604.1" ecoori.com 10.37.102.197
192.144.88.147 - - [14/Sep/2026:10:20:47 -0500] "GET /wp-content/plugins/elementor/assets/js/frontend.min.js?ver=4.0.5 HTTP/2.0" 200 13283 "https://ecoori.com/2025/03/spicules-transforming-skincare-with-natural-innovation/" "Mozilla/5.0 (iPhone; CPU iPhone OS 13_2_3 like Mac OS X) AppleWebKit/605.1.15 (KHTML, like Gecko) Version/13.0.3 Mobile/15E148 Safari/604.1" ecoori.com 10.37.102.197
